{"id":927,"date":"2017-12-10T11:35:46","date_gmt":"2017-12-10T10:35:46","guid":{"rendered":"http:\/\/materlivres.org\/?page_id=927"},"modified":"2017-12-13T22:50:23","modified_gmt":"2017-12-13T21:50:23","slug":"qui-sommes-nous","status":"publish","type":"page","link":"https:\/\/materlivres.org\/?page_id=927","title":{"rendered":"Qui sommes-nous ?"},"content":{"rendered":"<p>Des classes de diff\u00e9rentes parties du monde participent au projet d&#8217;illustration autour de l\u2019\u0153uvre de Christian Voltz&#8230;<\/p>\n<p>Elles se sont r\u00e9unies pour se pr\u00e9senter&#8230;<img loading=\"lazy\" decoding=\"async\" class=\"alignright wp-image-928 size-medium\" src=\"https:\/\/materlivres.org\/wp-content\/uploads\/2017\/12\/fermi\u00e8re-blanche-232x300.jpg\" alt=\"\" width=\"232\" height=\"300\" srcset=\"https:\/\/materlivres.org\/wp-content\/uploads\/2017\/12\/fermi\u00e8re-blanche-232x300.jpg 232w, https:\/\/materlivres.org\/wp-content\/uploads\/2017\/12\/fermi\u00e8re-blanche-768x995.jpg 768w, https:\/\/materlivres.org\/wp-content\/uploads\/2017\/12\/fermi\u00e8re-blanche-600x777.jpg 600w, https:\/\/materlivres.org\/wp-content\/uploads\/2017\/12\/fermi\u00e8re-blanche.jpg 772w\" sizes=\"(max-width: 232px) 100vw, 232px\" \/><\/p>\n<p>&nbsp;<\/p>\n<p><a href=\"https:\/\/docs.google.com\/presentation\/d\/1P4nLjPhleAxyKaeCLKwWv9DR0ttOlGXg-c04tTsbHXE\/present?token=AC4w5Vj5xppjRIRmEKaFxaY5Md8P48XHTQ%3A1512898351418&amp;includes_info_params=1#slide=id.p\" target=\"_blank\" rel=\"noopener\">Nous voici !<\/a><\/p>\n<p><a href=\"https:\/\/docs.google.com\/presentation\/d\/1P4nLjPhleAxyKaeCLKwWv9DR0ttOlGXg-c04tTsbHXE\/edit?usp=sharing\">Pour ajouter une classe<\/a><\/p>\n<p>&nbsp;<\/p>\n<p>&nbsp;<\/p>\n","protected":false},"excerpt":{"rendered":"<p>Des classes de diff\u00e9rentes parties du monde participent au projet d&#8217;illustration autour de l\u2019\u0153uvre de Christian Voltz&#8230; Elles se sont r\u00e9unies pour se pr\u00e9senter&#8230; &nbsp; Nous voici ! Pour ajouter une classe &nbsp; &nbsp;<\/p>\n","protected":false},"author":2,"featured_media":0,"parent":0,"menu_order":0,"comment_status":"closed","ping_status":"closed","template":"","meta":{"footnotes":""},"_links":{"self":[{"href":"https:\/\/materlivres.org\/index.php?rest_route=\/wp\/v2\/pages\/927"}],"collection":[{"href":"https:\/\/materlivres.org\/index.php?rest_route=\/wp\/v2\/pages"}],"about":[{"href":"https:\/\/materlivres.org\/index.php?rest_route=\/wp\/v2\/types\/page"}],"author":[{"embeddable":true,"href":"https:\/\/materlivres.org\/index.php?rest_route=\/wp\/v2\/users\/2"}],"replies":[{"embeddable":true,"href":"https:\/\/materlivres.org\/index.php?rest_route=%2Fwp%2Fv2%2Fcomments&post=927"}],"version-history":[{"count":11,"href":"https:\/\/materlivres.org\/index.php?rest_route=\/wp\/v2\/pages\/927\/revisions"}],"predecessor-version":[{"id":957,"href":"https:\/\/materlivres.org\/index.php?rest_route=\/wp\/v2\/pages\/927\/revisions\/957"}],"wp:attachment":[{"href":"https:\/\/materlivres.org\/index.php?rest_route=%2Fwp%2Fv2%2Fmedia&parent=927"}],"curies":[{"name":"wp","href":"https:\/\/api.w.org\/{rel}","templated":true}]}}