{"id":722,"date":"2017-09-10T12:04:17","date_gmt":"2017-09-10T10:04:17","guid":{"rendered":"http:\/\/materlivres.org\/?page_id=722"},"modified":"2017-09-10T12:04:17","modified_gmt":"2017-09-10T10:04:17","slug":"quelques-pistes-artistiques","status":"publish","type":"page","link":"https:\/\/materlivres.org\/?page_id=722","title":{"rendered":"Quelques pistes artistiques"},"content":{"rendered":"<p><a href=\"https:\/\/fr.wikipedia.org\/wiki\/Land_art\">Le land art (wikip\u00e9dia<\/a>) : C&#8217;est une tendance de l&#8217;<a title=\"Art contemporain\" href=\"https:\/\/fr.wikipedia.org\/wiki\/Art_contemporain\">art contemporain<\/a> utilisant le cadre et les <a href=\"https:\/\/materlivres.org\/wp-content\/uploads\/2017\/09\/crayons1.jpg\"><img loading=\"lazy\" decoding=\"async\" class=\"alignright wp-image-737 size-medium\" src=\"https:\/\/materlivres.org\/wp-content\/uploads\/2017\/09\/crayons1-300x225.jpg\" alt=\"\" width=\"300\" height=\"225\" srcset=\"https:\/\/materlivres.org\/wp-content\/uploads\/2017\/09\/crayons1-300x225.jpg 300w, https:\/\/materlivres.org\/wp-content\/uploads\/2017\/09\/crayons1.jpg 500w\" sizes=\"(max-width: 300px) 100vw, 300px\" \/><\/a>mat\u00e9riaux de la nature (bois, terre, pierres, sable, eau, rocher, etc.). Le plus souvent, les \u0153uvres sont en ext\u00e9rieur, expos\u00e9es aux \u00e9l\u00e9ments, et soumises \u00e0 l&#8217;\u00e9rosion naturelle\u00a0; ainsi, certaines \u0153uvres ont disparu et il ne reste que leur souvenir photographique et des vid\u00e9os.<\/p>\n<p><strong>( Attention ce sont des liens externes qui peuvent \u00e9voluer au fil du temps. A v\u00e9rifier avant une utilisation en classe \ud83d\ude42<\/strong><\/p>\n<p><a href=\"http:\/\/media.topito.com\/wp-content\/uploads\/2011\/08\/116.jpg\">le poisson<\/a>\u00a0 <a href=\"https:\/\/www.chambre237.com\/wp-content\/uploads\/2016\/03\/Le-Land-Art-magique-de-Andy-Goldsworthy-01.jpg\">l&#8217;arbre<\/a>\u00a0 <a href=\"http:\/\/media.topito.com\/wp-content\/uploads\/2011\/08\/214.jpg\">l\u2019araign\u00e9e<\/a> <a href=\"http:\/\/www.espritsciencemetaphysiques.com\/wp-content\/uploads\/2015\/05\/land-art-dietmar-voorworld-4.jpg\">le rond<\/a> \u00a0 <a href=\"http:\/\/media.topito.com\/wp-content\/uploads\/2011\/08\/44.jpg\">l\u2019\u0153il (1)<\/a> \u00a0\u00a0 <a href=\"http:\/\/media.topito.com\/wp-content\/uploads\/2011\/08\/44.jpg\">l&#8217;oeil (2)<\/a> \u00a0 \u00a0<a href=\"http:\/\/media.topito.com\/wp-content\/uploads\/2011\/08\/64.jpg\"> la spirale<\/a> \u00a0\u00a0<a href=\"http:\/\/media.topito.com\/wp-content\/uploads\/2011\/08\/94.jpg\"> les fleurs<\/a> \u00a0\u00a0\u00a0 <a href=\"http:\/\/media.topito.com\/wp-content\/uploads\/2011\/08\/154.jpg\">traces\u00a0<\/a> <a href=\"http:\/\/media.topito.com\/wp-content\/uploads\/2011\/08\/164.jpg\">\u0153uf<\/a><\/p>\n<p><a href=\"http:\/\/www.le-surrealisme.com\/\">Le sur\u00e9alisme :<\/a><\/p>\n<p>Les caract\u00e9ristiques des oeuvres surr\u00e9alistes sont principalement la surprise et la juxtaposition inattendue mais de nombreux artistes et \u00e9crivains surr\u00e9alistes expliquent leur travail comme \u00e9tant une expression philosophique d&#8217;abord et avant tout. <a href=\"http:\/\/www.le-surrealisme.com\/andre-breton.html\">Andr\u00e9 Breton<\/a> ne pouvait \u00eatre plus clair en affirmant que le surr\u00e9alisme \u00e9tait avant tout un mouvement r\u00e9volutionnaire<\/p>\n<p><a href=\"http:\/\/img.xcitefun.net\/users\/2009\/12\/132051,xcitefun-surealism-paintings-by-vladimir-kush-5-6.jpg\">1<\/a>\u00a0<a href=\"https:\/\/s-media-cache-ak0.pinimg.com\/564x\/2f\/37\/5e\/2f375ec3db5ec12a85a783cbaff019f3.jpg\"> 2\u00a0<\/a>\u00a0<a href=\"http:\/\/www.charnine.com\/paintings\/page4\/images\/Surrealism_charnine%208.jpg\">3<\/a>\u00a0 <a href=\"http:\/\/www.cityguideparis.fr\/wp-content\/uploads\/2015\/02\/sculpture-dali.jpg\">4<\/a>\u00a0 <a href=\"https:\/\/www.google.com\/url?sa=i&amp;rct=j&amp;q=&amp;esrc=s&amp;source=images&amp;cd=&amp;cad=rja&amp;uact=8&amp;ved=0ahUKEwj53NPjsJjWAhVDUlAKHRF7Ap4QjRwIBw&amp;url=http%3A%2F%2Fjournaldelatelierdarchitecture.blogspot.com%2F2013%2F10%2Fle-surrealisme.html&amp;psig=AFQjCNE3cpq3JmPGB4Mi3JhThEs_h7s3uQ&amp;ust=1505055968727015\">5<\/a><\/p>\n<h3><a href=\"http:\/\/www.le-fauvisme.com\/\">Autour du fauvisme<\/a><a href=\"https:\/\/materlivres.org\/wp-content\/uploads\/2017\/09\/3.jpg\"><img loading=\"lazy\" decoding=\"async\" class=\"wp-image-738 size-medium alignright\" src=\"https:\/\/materlivres.org\/wp-content\/uploads\/2017\/09\/3-300x300.jpg\" alt=\"\" width=\"300\" height=\"300\" srcset=\"https:\/\/materlivres.org\/wp-content\/uploads\/2017\/09\/3-300x300.jpg 300w, https:\/\/materlivres.org\/wp-content\/uploads\/2017\/09\/3-150x150.jpg 150w, https:\/\/materlivres.org\/wp-content\/uploads\/2017\/09\/3-100x100.jpg 100w, https:\/\/materlivres.org\/wp-content\/uploads\/2017\/09\/3.jpg 500w\" sizes=\"(max-width: 300px) 100vw, 300px\" \/><\/a><\/h3>\n<p>Le mouvement artistique fauviste fut d&#8217;une courte dur\u00e9e dans l&#8217;histoire de l&#8217;art. Par contre, le fauvisme et ses artistes ont cr\u00e9\u00e9 des oeuvres d&#8217;art aux couleurs chaudes et aux techniques de peinture modernes. Cette p\u00e9riode fut men\u00e9e par les artistes Henri Matisse et Andr\u00e9 Derain.<\/p>\n<p><a href=\"https:\/\/artprojectsforkids.org\/wp-content\/uploads\/2012\/09\/Kandinsky-Leaf-769x1024.jpg\">1<\/a>\u00a0\u00a0 <a href=\"http:\/\/artjuice.net\/wp-content\/uploads\/2014\/02\/henri-matisse-jazz-icare.jpg\">2<\/a>\u00a0\u00a0 <a href=\"https:\/\/artdone.files.wordpress.com\/2014\/07\/kazimir-malevich-supremus-no-50-1915-stedelijk-museum-amsterdam.jpg\">3<\/a>\u00a0\u00a0 <a href=\"https:\/\/medias.expertissim.com\/media\/cache\/media_zoom\/uploads\/object\/2015\/05\/26\/12246343\/2500x2500_559a6350b3af9.jpg\">4<\/a>\u00a0\u00a0 <a href=\"http:\/\/p1.storage.canalblog.com\/15\/29\/800258\/101842555_o.jpg\">5<\/a><\/p>\n<h3>Le cubisme :<\/h3>\n<p>Le cubisme est un courant et une th\u00e9orie esth\u00e9tique des arts plastiques et du dessin. Il se caract\u00e9rise par l\u2019utilisation des formes g\u00e9om\u00e9triques, comme les cubes, les triangles et les rectangles.<\/p>\n<h3><\/h3>\n<p><a href=\"http:\/\/cyrano.blog.lemonde.fr\/files\/dora_maar.jpg\">Picasso1<\/a>\u00a0\u00a0 <a href=\"http:\/\/uploads8.wikiart.org\/images\/pablo-picasso\/untitled-1938-4.jpg\">Picasso2<\/a> \u00a0 <a href=\"https:\/\/lagill6.files.wordpress.com\/2015\/06\/mondrian-rev1.jpg\">Mondrian <\/a>\u00a0 <a href=\"http:\/\/uploads3.wikiart.org\/images\/fernand-leger\/the-man-in-the-blue-hat-1937.jpg\">Fernand L\u00e9ger<\/a><a href=\"https:\/\/lagill6.files.wordpress.com\/2015\/06\/mondrian-rev1.jpg\">\u00a0\u00a0<\/a>\u00a0 <a href=\"http:\/\/www.artcyclopedia.org\/art\/roger-de-la-fresnaye-man.jpg\">Roger de la Fresnaye<\/a><\/p>\n<h3>L&#8217;expressionisme abstrait<\/h3>\n<p><a href=\"https:\/\/s-media-cache-ak0.pinimg.com\/originals\/10\/7f\/16\/107f16b334108c2533dee33d1b890f0d.jpg\">Pollock<\/a>\u00a0\u00a0<a href=\"http:\/\/www.charileiva.com\/sites\/default\/files\/Untitled-183.jpg\"> Sam Francis<\/a>\u00a0 <a href=\"http:\/\/www.museum-ludwig.de\/uploads\/tx_gwmuseum\/Closed_Territory_1973.jpg\">Joan Mitchell<\/a><\/p>\n<h3>L&#8217; \u00ab art contemporain \u00bb<a href=\"https:\/\/materlivres.org\/wp-content\/uploads\/2017\/09\/4.jpg\"><img loading=\"lazy\" decoding=\"async\" class=\"wp-image-741 size-medium alignright\" src=\"https:\/\/materlivres.org\/wp-content\/uploads\/2017\/09\/4-300x199.jpg\" alt=\"\" width=\"300\" height=\"199\" srcset=\"https:\/\/materlivres.org\/wp-content\/uploads\/2017\/09\/4-300x199.jpg 300w, https:\/\/materlivres.org\/wp-content\/uploads\/2017\/09\/4.jpg 500w\" sizes=\"(max-width: 300px) 100vw, 300px\" \/><\/a><\/h3>\n<p>Cela d\u00e9signe \u2014 de fa\u00e7on g\u00e9n\u00e9rale et globale \u2014 l&#8217;ensemble des \u0153uvres produites depuis 1945 \u00e0 nos jours, et ce quels qu&#8217;en soient le style et la pratique esth\u00e9tique mais principalement dans le champ des arts plastiques.<\/p>\n<p><a href=\"http:\/\/mediation.centrepompidou.fr\/education\/ressources\/ENS-Art-contemporain\/photos\/30-sylvie-fleury-tableau-n1-1992-454x600.jpg\">Transformation d&#8217;oeuvre<\/a><\/p>\n<h3>Quelques r\u00e9alisations sur le th\u00e8me des dragons<\/h3>\n<p><a href=\"https:\/\/galerie.alittlemarket.com\/galerie\/sell\/2676420\/peintures-peinture-aquarelle-dragon-triangles-17622418-aquarelle-drago9e71-dd4ef_big.jpg\">1<\/a>\u00a0\u00a0\u00a0\u00a0 <a href=\"https:\/\/i.pinimg.com\/736x\/88\/24\/6a\/88246a0cabf33633fe964d6a9273caa4--serpent-tattoo-ouroboros-tattoo-dragon.jpg\">2<\/a>\u00a0\u00a0\u00a0 <a href=\"https:\/\/previews.123rf.com\/images\/stoonn\/stoonn1112\/stoonn111200062\/11552864-Art-Chinese-style-painting-two-dragon-on-wall-in-temple-Thailand-Generality-in-Thailand-any-kind-of--Stock-Photo.jpg\">3<\/a>\u00a0\u00a0\u00a0 <a href=\"http:\/\/www.forging-ahead.co.uk\/images\/dragon-sculpture.jpg\">4<\/a>\u00a0\u00a0 <a href=\"https:\/\/s-media-cache-ak0.pinimg.com\/736x\/9f\/0b\/7f\/9f0b7fd19047a877a4c4e58b654e63cf.jpg\">5<\/a> \u00a0 <a href=\"http:\/\/www.brucegray.com\/images\/DragonNEW.jpg\">6\u00a0<\/a>\u00a0 <a href=\"https:\/\/s-media-cache-ak0.pinimg.com\/236x\/0f\/41\/7a\/0f417a85feb5ba6713563a4aa57ef095.jpg\">7<\/a>\u00a0 <a href=\"https:\/\/www.jeuxetcompagnie.fr\/wp-content\/uploads\/2015\/12\/origami-dragon-volant.jpg\">8<\/a>\u00a0 <a href=\"http:\/\/www.photos-encheres.com\/store\/1002839\/942\/02.JPG\">9<\/a>\u00a0\u00a0\u00a0 <a href=\"https:\/\/galerie.alittlemarket.com\/galerie\/product\/310750\/decorations-murales-un-dragon-aile-en-fil-de-fer-pour-19307922-jpeg-20161029-25158-852f5_236x236.jpg\">10<\/a>\u00a0 <a href=\"https:\/\/tse3.mm.bing.net\/th?id=OIP.L9D3svVAxkvL4zBFigzEWQEsDH&amp;pid=Api\">11<\/a>\u00a0 <a href=\"http:\/\/img01.deviantart.net\/749e\/i\/2016\/164\/1\/0\/relief_carving_dragon_part__3_shaping_by_farorasf-da647j4.jpg\">12<\/a>\u00a0 <a href=\"http:\/\/p3.storage.canalblog.com\/35\/31\/427059\/70496528.jpg\">13<\/a>\u00a0 <a href=\"http:\/\/img.over-blog.com\/427x500\/3\/09\/85\/80\/dernier-dossier-21-12-2011\/Creuse-3.JPG\">14<\/a>\u00a0\u00a0\u00a0 <a href=\"http:\/\/funcraftskids.com\/wp-content\/uploads\/2016\/01\/paper-plate-dragon-for-Chinese-New-Year.jpg\">15<\/a>\u00a0<a href=\"http:\/\/i317.photobucket.com\/albums\/mm374\/mauther\/japan\/dragreen1.jpg\"> 16<\/a>\u00a0 <a href=\"https:\/\/sirrob01.files.wordpress.com\/2014\/10\/dragon-papercraft-live-build-christmas-colors-s01.jpg\">17<\/a>\u00a0 <a href=\"http:\/\/upload.wikimedia.org\/wikipedia\/commons\/3\/39\/Three_Headed_Dragon_Sand_Sculpture.jpg\">18<\/a>\u00a0 <a href=\"http:\/\/pre00.deviantart.net\/d533\/th\/pre\/i\/2015\/222\/b\/5\/sand_dragon_by_kostakis7-d952rxj.jpg\">19<\/a>\u00a0 <a href=\"http:\/\/st2.depositphotos.com\/1010314\/5228\/i\/950\/depositphotos_52281327-Red-fiery-Chinese-dragon.jpg\">20<\/a> <a href=\"https:\/\/s-media-cache-ak0.pinimg.com\/736x\/75\/e9\/ab\/75e9ab4b3c3361ec11976afc1dba3ab4.jpg\">21<\/a> <a href=\"http:\/\/cdn5.coloritou.com\/dessins\/peindre\/201141\/6d53fcae57886fadb6d42998bf6e824e.png\">22<\/a> <a href=\"https:\/\/www.repro-tableaux.com\/kunst\/susanne_achilles_kuhnhardt\/drache_pegasus.jpg\">23<\/a>\u00a0 <a href=\"http:\/\/mosaique.les-creatifs.com\/photosarticles\/dragon_rouge_ans_photo.jpg\">24\u00a0 <\/a><a href=\"http:\/\/secondarts.com\/images\/dragon_mosaique\/dragon1.gif\">25\u00a0<\/a> <a href=\"https:\/\/www.humour.com\/medias\/photos\/2013\/600x404\/l-20131120160715.png\">26<\/a>\u00a0 <a href=\"https:\/\/img0.etsystatic.com\/053\/0\/5433812\/il_fullxfull.718155312_5bqn.jpg\">27<\/a>\u00a0 <a href=\"http:\/\/wallpoper.com\/images\/00\/40\/59\/00\/dragons-ying_00405900.jpg\">28<\/a>\u00a0 <a href=\"http:\/\/g02.a.alicdn.com\/kf\/HTB16iLhLVXXXXX8XXXXq6xXFXXXv\/Free-shipping-Handpainted-4-panels-red-font-b-dragon-b-font-font-b-oil-b-font.jpg\">29<\/a> <a href=\"https:\/\/s-media-cache-ak0.pinimg.com\/736x\/62\/a4\/03\/62a403e1f5400731e88fbc2f73031b85.jpg\">30<\/a><\/p>\n<p>&nbsp;<\/p>\n<p>&nbsp;<\/p>\n","protected":false},"excerpt":{"rendered":"<p>Le land art (wikip\u00e9dia) : C&#8217;est une tendance de l&#8217;art contemporain utilisant le cadre et les mat\u00e9riaux de la nature (bois, terre, pierres, sable, eau, rocher, etc.). Le plus souvent, les \u0153uvres sont en ext\u00e9rieur, expos\u00e9es aux \u00e9l\u00e9ments, et soumises \u00e0 l&#8217;\u00e9rosion naturelle\u00a0; ainsi, certaines \u0153uvres ont disparu et il ne reste que leur souvenir &hellip; <\/p>\n<p class=\"link-more\"><a href=\"https:\/\/materlivres.org\/?page_id=722\" class=\"more-link\">Continuer la lecture<span class=\"screen-reader-text\"> de &laquo;&nbsp;Quelques pistes artistiques&nbsp;&raquo;<\/span><\/a><\/p>\n","protected":false},"author":2,"featured_media":0,"parent":0,"menu_order":0,"comment_status":"closed","ping_status":"closed","template":"","meta":{"footnotes":""},"_links":{"self":[{"href":"https:\/\/materlivres.org\/index.php?rest_route=\/wp\/v2\/pages\/722"}],"collection":[{"href":"https:\/\/materlivres.org\/index.php?rest_route=\/wp\/v2\/pages"}],"about":[{"href":"https:\/\/materlivres.org\/index.php?rest_route=\/wp\/v2\/types\/page"}],"author":[{"embeddable":true,"href":"https:\/\/materlivres.org\/index.php?rest_route=\/wp\/v2\/users\/2"}],"replies":[{"embeddable":true,"href":"https:\/\/materlivres.org\/index.php?rest_route=%2Fwp%2Fv2%2Fcomments&post=722"}],"version-history":[{"count":18,"href":"https:\/\/materlivres.org\/index.php?rest_route=\/wp\/v2\/pages\/722\/revisions"}],"predecessor-version":[{"id":743,"href":"https:\/\/materlivres.org\/index.php?rest_route=\/wp\/v2\/pages\/722\/revisions\/743"}],"wp:attachment":[{"href":"https:\/\/materlivres.org\/index.php?rest_route=%2Fwp%2Fv2%2Fmedia&parent=722"}],"curies":[{"name":"wp","href":"https:\/\/api.w.org\/{rel}","templated":true}]}}