{"id":673,"date":"2017-08-31T20:12:44","date_gmt":"2017-08-31T18:12:44","guid":{"rendered":"http:\/\/materlivres.org\/?page_id=673"},"modified":"2018-03-15T20:42:20","modified_gmt":"2018-03-15T19:42:20","slug":"les-themes","status":"publish","type":"page","link":"https:\/\/materlivres.org\/?page_id=673","title":{"rendered":"Les histoires :"},"content":{"rendered":"<p><a href=\"https:\/\/materlivres.org\/?page_id=1052\"><strong>Les inondations<\/strong><\/a><\/p>\n<p>Plapla, le petit rat blanc est inond\u00e9.<\/p>\n<p><a href=\"https:\/\/materlivres.org\/?page_id=1058\"><strong>La fonte des glaces<\/strong><\/a><\/p>\n<p>Pourtout, le perroquet a des soucis.<\/p>\n<p><a href=\"https:\/\/materlivres.org\/?page_id=1062\"><strong>La s\u00e9cheresse<\/strong><\/a><\/p>\n<p>Cette ann\u00e9e, La pluie ne tombe pas\u00a0 dans la savane.<\/p>\n<p><a href=\"https:\/\/materlivres.org\/?page_id=1072\"><strong>Le num\u00e9rique<\/strong><\/a><\/p>\n<p>Lucia est triste&#8230;<\/p>\n","protected":false},"excerpt":{"rendered":"<p>Les inondations Plapla, le petit rat blanc est inond\u00e9. La fonte des glaces Pourtout, le perroquet a des soucis. La s\u00e9cheresse Cette ann\u00e9e, La pluie ne tombe pas\u00a0 dans la savane. Le num\u00e9rique Lucia est triste&#8230;<\/p>\n","protected":false},"author":2,"featured_media":0,"parent":653,"menu_order":0,"comment_status":"closed","ping_status":"closed","template":"","meta":{"footnotes":""},"_links":{"self":[{"href":"https:\/\/materlivres.org\/index.php?rest_route=\/wp\/v2\/pages\/673"}],"collection":[{"href":"https:\/\/materlivres.org\/index.php?rest_route=\/wp\/v2\/pages"}],"about":[{"href":"https:\/\/materlivres.org\/index.php?rest_route=\/wp\/v2\/types\/page"}],"author":[{"embeddable":true,"href":"https:\/\/materlivres.org\/index.php?rest_route=\/wp\/v2\/users\/2"}],"replies":[{"embeddable":true,"href":"https:\/\/materlivres.org\/index.php?rest_route=%2Fwp%2Fv2%2Fcomments&post=673"}],"version-history":[{"count":17,"href":"https:\/\/materlivres.org\/index.php?rest_route=\/wp\/v2\/pages\/673\/revisions"}],"predecessor-version":[{"id":1247,"href":"https:\/\/materlivres.org\/index.php?rest_route=\/wp\/v2\/pages\/673\/revisions\/1247"}],"up":[{"embeddable":true,"href":"https:\/\/materlivres.org\/index.php?rest_route=\/wp\/v2\/pages\/653"}],"wp:attachment":[{"href":"https:\/\/materlivres.org\/index.php?rest_route=%2Fwp%2Fv2%2Fmedia&parent=673"}],"curies":[{"name":"wp","href":"https:\/\/api.w.org\/{rel}","templated":true}]}}