{"id":3626,"date":"2025-02-06T13:48:12","date_gmt":"2025-02-06T12:48:12","guid":{"rendered":"https:\/\/materlivres.org\/?page_id=3626"},"modified":"2025-08-22T12:33:09","modified_gmt":"2025-08-22T10:33:09","slug":"groupes-constitues-6","status":"publish","type":"page","link":"https:\/\/materlivres.org\/?page_id=3626","title":{"rendered":"Les histoires r\u00e9alis\u00e9es"},"content":{"rendered":"\n<p><a href=\"https:\/\/padlet.com\/materlivres2\/catalogue-mta2khkk9hwopcne\">Galeries des illustrations<\/a><\/p>\n\n\n\n<p><mark style=\"background-color:rgba(0, 0, 0, 0)\" class=\"has-inline-color has-luminous-vivid-orange-color\"><strong>Groupe 1 \u00a0 : Le spectacle\u00a0 <\/strong><\/mark><\/p>\n\n\n\n<p>Falcioni Elodie  PS Vietnam<br>Meslin CHristine PS\/MS France<br> Lemarignier SandraTPS\/PS  France<br> Houlette Christophe PS  Inde<\/p>\n\n\n\n<p><a href=\"https:\/\/docs.google.com\/presentation\/d\/1qM5r0t1eipNLen6kaH7_ZXBiJaAoDQJECzhGVLTnssc\/edit?usp=sharing\" target=\"_blank\" rel=\"noreferrer noopener\"> Pr\u00e9sentation <\/a>\/ <a href=\"https:\/\/materlivres.org\/wp-content\/uploads\/2025\/04\/Lecture-GR-1-_-Le-spectacle.pdf\" target=\"_blank\" rel=\"noreferrer noopener\">T\u00e9l\u00e9chargement<\/a> \/ <a href=\"https:\/\/www.calameo.com\/read\/005889085322339224dba\" target=\"_blank\" rel=\"noreferrer noopener\">Version anim\u00e9e<\/a> \/ <strong><a href=\"https:\/\/youtu.be\/q7CH-zjHEWM\" target=\"_blank\" rel=\"noreferrer noopener\">Version vid\u00e9o<\/a><\/strong><\/p>\n\n\n\n<p><mark style=\"background-color:rgba(0, 0, 0, 0)\" class=\"has-inline-color has-vivid-green-cyan-color\"><strong>Groupe 2 \u00a0 :  la peinture<\/strong><\/mark><\/p>\n\n\n\n<p> Dumas Claudine PS\/MS Roumanie<br> Pauchant Christelle &amp; C\u00e9cile Primot PS\/MS France <br>Elakkari Chafika PS Maroc<br> Etienne Philippe PS Togo<\/p>\n\n\n\n<p><a href=\"https:\/\/docs.google.com\/presentation\/d\/1zRrIk_4_nsZ-GFkIG6ZFmdYs_Pk-FElLLtz7A9lMuDE\/edit?usp=sharing\" target=\"_blank\" rel=\"noreferrer noopener\">L&#8217;histoire (pr\u00e9sentation )<\/a> \/ <a href=\"https:\/\/materlivres.org\/wp-content\/uploads\/2025\/04\/lecture-GR-2-_-La-peinture-1.pdf\" target=\"_blank\" rel=\"noreferrer noopener\">T\u00e9l\u00e9chargement (Pdf)<\/a> \/ <a href=\"https:\/\/www.calameo.com\/read\/00588908507e353cfcfae\" data-type=\"link\" data-id=\"https:\/\/www.calameo.com\/read\/00588908507e353cfcfae\" target=\"_blank\" rel=\"noreferrer noopener\">Version anim\u00e9e<\/a><br><strong><a href=\"https:\/\/youtu.be\/-szww97YTQ8\" target=\"_blank\" rel=\"noreferrer noopener\">Version vid\u00e9o<\/a> <\/strong>\/ <strong><a href=\"https:\/\/youtu.be\/0Z0k83rtdCM\" target=\"_blank\" rel=\"noreferrer noopener\">Version avec voix des enfants<\/a><\/strong><\/p>\n\n\n\n<p><mark style=\"background-color:rgba(0, 0, 0, 0)\" class=\"has-inline-color has-luminous-vivid-orange-color\"><strong>Groupe 3 : Le spectacle\u00a0<\/strong> \u00a0 <\/mark><\/p>\n\n\n\n<p>BAKKALI Mounia  <strong>MS<\/strong> MAROC <br>Durieux Shalimar <strong>MS<\/strong>  Vietnam <br>Morello Valeriane <strong>MS<\/strong> Singapour <br>Coudon Katy <strong>MS<\/strong> Maroc <br>Daudrix Marie-Pierre <strong>MS<\/strong>\/<strong>GS<\/strong> France<\/p>\n\n\n\n<p><a href=\"https:\/\/docs.google.com\/presentation\/d\/1UZ1YIRymh1Vz_f4fpXS-4Zi8_r40n6YNimOiupCoEac\/edit?usp=sharing\" target=\"_blank\" rel=\"noreferrer noopener\">Pr\u00e9sentation (provisoire)<\/a>  \/ <a href=\"https:\/\/materlivres.org\/wp-content\/uploads\/2025\/04\/lecture-GR-3-_-Le-spectacle-1.pdf\">T\u00e9l\u00e9chargement  (PDF)<\/a> \/ <a href=\"https:\/\/www.calameo.com\/read\/005889085ace1772d0f23\">Version anim\u00e9e<\/a> \/ <a href=\"https:\/\/youtu.be\/QrfNGZ-vvTo\" target=\"_blank\" rel=\"noreferrer noopener\"> <strong>Version vid\u00e9o<\/strong><\/a> <\/p>\n\n\n\n<p><strong><mark style=\"background-color:rgba(0, 0, 0, 0)\" class=\"has-inline-color has-vivid-cyan-blue-color\">Groupe 4 &nbsp; : &nbsp; La musique&nbsp; &nbsp; <\/mark><\/strong><\/p>\n\n\n\n<p>FLOR-NGUYEN ANNE-MARIE <br>SADOT EMMANUELLE <strong>MS<\/strong> France <br>EL OUALI Mounia <strong>MS<\/strong> MAROC <br>Jean Lucile <strong>MS<\/strong>  Republique Populaire de Chine<br>Moreau Nathalie <strong>MS<\/strong> Italie <\/p>\n\n\n\n<p><a href=\"https:\/\/docs.google.com\/presentation\/d\/19_8LvhhuvuwaB9qYv4HP4BbAEzXRih2W__oNRr8lftg\/edit?usp=drive_link\" target=\"_blank\" rel=\"noreferrer noopener\">L&#8217;histoire en pr\u00e9sentation<\/a> \/ <a href=\"https:\/\/docs.google.com\/presentation\/d\/1Hvx93Jv9gqDrkGYcZMz56EC1Xf51vwvigdROF6kuyW0\/edit?usp=drive_link\" target=\"_blank\" rel=\"noreferrer noopener\">L&#8217;histoire en pr\u00e9sentation version multilingue<\/a> \/ <a href=\"https:\/\/materlivres.org\/wp-content\/uploads\/2025\/04\/lecture-GR-4-_-La-musique.pdf\" target=\"_blank\" rel=\"noreferrer noopener\">T\u00e9l\u00e9chargement (PDF)<\/a> \/ <a href=\"https:\/\/materlivres.org\/wp-content\/uploads\/2025\/04\/lecture-GR-4-_-La-musique-MULTILINGUE.pdf\" target=\"_blank\" rel=\"noreferrer noopener\">T\u00e9l\u00e9chargement version multilignue(PDF)<\/a> \/ <a href=\"https:\/\/www.calameo.com\/read\/0079211220db4076d062f\" target=\"_blank\" rel=\"noreferrer noopener\">Version an<\/a><a href=\"https:\/\/www.calameo.com\/read\/0079211220db4076d062f\">im\u00e9e<\/a> \/ <a href=\"https:\/\/www.calameo.com\/read\/007921122be0a0657164f\" target=\"_blank\" rel=\"noreferrer noopener\">Version anim\u00e9e multilingue<\/a> \/ <strong><a href=\"https:\/\/youtu.be\/hYR8Dz7Pi5c?si=jHg_BL4b89rJ0VtG\" target=\"_blank\" rel=\"noreferrer noopener\">Version <\/a><a href=\"https:\/\/youtu.be\/hYR8Dz7Pi5c?si=jHg_BL4b89rJ0VtG\">vid\u00e9o<\/a><\/strong><\/p>\n\n\n\n<p><strong><mark style=\"background-color:rgba(0, 0, 0, 0)\" class=\"has-inline-color has-luminous-vivid-orange-color\">Groupe 5 : Le spectacle<\/mark><\/strong><\/p>\n\n\n\n<p>Cousin David Vietnam<br> CHORFI Majda Maroc<br> Aoubaida Fatima <strong>GS<\/strong> Alg\u00e9rie <br>MATONDO ROSIE <strong>GS<\/strong> R\u00e9publique D\u00e9mocratique du Congo <br>Clemente Catherine <strong>GS<\/strong> P\u00e9rou<\/p>\n\n\n\n<p><a href=\"https:\/\/docs.google.com\/presentation\/d\/13LhZbnX5CkEoessP_VahiBlepLwSyOp7G8WPVGiSo1g\/edit#slide=id.g33c8f9e0649_0_0\">Pr\u00e9sentation <\/a> \/  <a href=\"https:\/\/materlivres.org\/wp-content\/uploads\/2025\/04\/Lecture-GR-5-_-Le-spectacle-1.pdf\">T\u00e9l\u00e9chargement (PDF)<\/a>   \/  <a href=\"https:\/\/www.calameo.com\/read\/0058890852d7112b1795d\">Version anim\u00e9e<\/a> \/ <strong><a href=\"https:\/\/youtu.be\/CqWR2kae8cw\" target=\"_blank\" rel=\"noreferrer noopener\">Version vid\u00e9o<\/a><\/strong> <br><br><strong><mark style=\"background-color:rgba(0, 0, 0, 0)\" class=\"has-inline-color has-vivid-green-cyan-color\">Groupe 6 : La peinture<\/mark><\/strong><\/p>\n\n\n\n<p>&nbsp; JAYET Karine <strong>MS<\/strong>\/<strong>GS<\/strong>  Vietnam<br> MESLIN CHRISTINE <strong>GS<\/strong> France<br> Blanchard Stephanie <strong>GS<\/strong> Bresil<br> Rucheton Sandy  <strong>GS<\/strong> Cor\u00e9e du Sud<\/p>\n\n\n\n<p><a href=\"https:\/\/docs.google.com\/presentation\/d\/11KnI8SxGfsVotiCSDWehi9334EzRXjzUM0QZyDXq4CY\/edit?usp=sharing\" target=\"_blank\" rel=\"noreferrer noopener\">Pr\u00e9sentation V<\/a><a href=\"https:\/\/docs.google.com\/presentation\/d\/11KnI8SxGfsVotiCSDWehi9334EzRXjzUM0QZyDXq4CY\/edit?usp=sharing\">ersion 1 (provisoire)<\/a>  \/ <a href=\"https:\/\/materlivres.org\/wp-content\/uploads\/2025\/05\/Lecture-GR-6-_-La-peinture.pdf\" target=\"_blank\" rel=\"noreferrer noopener\">T\u00e9l\u00e9chargement PDF<\/a> \/ <a href=\"https:\/\/www.calameo.com\/read\/005889085f1d5732808dd\" target=\"_blank\" rel=\"noreferrer noopener\">Version anim\u00e9e<\/a> \/ <a href=\"https:\/\/youtu.be\/8JOWkbBGGR4\" target=\"_blank\" rel=\"noreferrer noopener\"><strong>Version vid\u00e9o<\/strong><\/a><\/p>\n\n\n\n<p> <a href=\"https:\/\/docs.google.com\/presentation\/d\/1Xjk_4eHSK8HtkmMb-ZI8-JLk7iUyQsNguGOJxU645FQ\/edit#slide=id.g349f7ec24a8_0_628\" target=\"_blank\" rel=\"noreferrer noopener\">Pr\u00e9sentation Version 2 <\/a>  \/ <a href=\"https:\/\/materlivres.org\/wp-content\/uploads\/2025\/05\/Lecture-version2-GR-6-_-La-peinture.pdf\" target=\"_blank\" rel=\"noreferrer noopener\">T\u00e9l\u00e9chargement PDF<\/a> \/ <a href=\"https:\/\/www.calameo.com\/read\/0058890854ee171595030\" target=\"_blank\" rel=\"noreferrer noopener\">Version anim\u00e9e<\/a> \/ <a href=\"https:\/\/youtu.be\/JJQ2CPPwgcY\" target=\"_blank\" rel=\"noreferrer noopener\"><strong>Version vid\u00e9o<\/strong><\/a><\/p>\n\n\n\n<p><strong><mark style=\"background-color:rgba(0, 0, 0, 0)\" class=\"has-inline-color has-luminous-vivid-orange-color\">Groupe 7 &nbsp; &nbsp;: La peinture<\/mark><\/strong><\/p>\n\n\n\n<p>Fr\u00e9d\u00e9rique  <strong>GS\/CP <\/strong> France<br> Bofenda Falonne <strong>GS<\/strong>  R\u00e9publique D\u00e9mocratique du Congo<br> Piet C\u00e9cile <strong>GS<\/strong> Roumanie <br>Booms Chlo\u00e9 <strong>GS<\/strong> Canada<\/p>\n\n\n\n<p><a href=\"https:\/\/docs.google.com\/presentation\/d\/1L-gpqOAOtx7nWcVs3y6SgmWwfUxNY0A6eU2G2D0JbjA\/edit?usp=sharing\">Pr\u00e9sentation <\/a> \/<a href=\"https:\/\/materlivres.org\/wp-content\/uploads\/2025\/04\/Lecture-GR-7-_-La-peinture-2.pdf\" target=\"_blank\" rel=\"noreferrer noopener\"> T\u00e9l\u00e9chargement PDF<\/a> \/<a href=\"https:\/\/www.calameo.com\/read\/0058890856f16962ba518\" target=\"_blank\" rel=\"noreferrer noopener\"> version anim\u00e9e<\/a> \/ <strong><a href=\"https:\/\/youtu.be\/q7CH-zjHEWM\" target=\"_blank\" rel=\"noreferrer noopener\">version vid\u00e9o<\/a><\/strong><\/p>\n\n\n\n<p><strong><mark style=\"background-color:rgba(0, 0, 0, 0)\" class=\"has-inline-color has-vivid-cyan-blue-color\">Groupe 8 : La musique &nbsp; &nbsp; <\/mark><\/strong><\/p>\n\n\n\n<p>Zniber Najat <strong>GS<\/strong> Maroc <br>Sacarabany Tifenn United <strong>GS<\/strong> USA <br>Binda Christine <strong>MS<\/strong>\/<strong>GS<\/strong> R\u00e9publique D\u00e9mocratique du Congo<br> Monsec Fabienne <strong>GS<\/strong> ESPAGNE<\/p>\n\n\n\n<p><a href=\"https:\/\/docs.google.com\/presentation\/d\/1mM2H74m-sA3c9zpkMvhTmyytE0uxp9nHkPmet2wBua4\/edit?usp=drive_link\" target=\"_blank\" rel=\"noreferrer noopener\">L&#8217;histoire (pr\u00e9sentation<\/a><a href=\"https:\/\/docs.google.com\/presentation\/d\/1mM2H74m-sA3c9zpkMvhTmyytE0uxp9nHkPmet2wBua4\/edit?usp=drive_link\">)<\/a>  \/ <a href=\"https:\/\/materlivres.org\/wp-content\/uploads\/2025\/04\/GR-8-_-La-musique.pdf\" target=\"_blank\" rel=\"noreferrer noopener\">T\u00e9l\u00e9chargement (PDF)<\/a> \/ <a href=\"https:\/\/www.calameo.com\/read\/0079211224399d6fff878\" target=\"_blank\" rel=\"noreferrer noopener\">Version anim\u00e9e<\/a><br><strong><a href=\"https:\/\/youtu.be\/eQln2adu4-8\" target=\"_blank\" rel=\"noreferrer noopener\">Version vid\u00e9o<\/a> <\/strong><\/p>\n\n\n\n<p><strong><mark style=\"background-color:rgba(0, 0, 0, 0)\" class=\"has-inline-color has-vivid-red-color\">Groupe 9 &nbsp; : Le cin\u00e9ma <\/mark><\/strong><\/p>\n\n\n\n<p>Hochet Stephanie <strong>GS<\/strong> Etats-Unis <br>Deniel Charl\u00e8ne <strong>MS<\/strong>\/<strong>GS<\/strong> France<br> Mohamed Hamed Shona <strong>GS<\/strong> Vietnam<br> Rault Jennifer <strong>MS<\/strong>\/<strong>GS<\/strong> MAROC<br> Pelage Claire <strong>GS<\/strong> Australie<\/p>\n\n\n\n<p><a href=\"https:\/\/docs.google.com\/presentation\/d\/1tQ3ZVScg-JWRs95U2xjNJURO2hKOOZUx7ziifzbWh6k\/edit?usp=sharing\">L&#8217;histoire ( pr\u00e9sentation)<\/a> \/ <a href=\"https:\/\/materlivres.org\/wp-content\/uploads\/2025\/05\/lecture-GR9-Cinema-1.pdf\" target=\"_blank\" rel=\"noreferrer noopener\">T\u00e9l\u00e9chargement (PDF)<\/a> \/ <a href=\"https:\/\/www.calameo.com\/read\/005889085d32b035381b4\" target=\"_blank\" rel=\"noreferrer noopener\">version anim\u00e9e<\/a><br><a href=\"https:\/\/vimeo.com\/1098089144?share=copy\">le film r\u00e9alis\u00e9 par La classe d&#8217;Audrieu avec Rogue Elephant<\/a><\/p>\n\n\n\n<p><\/p>\n","protected":false},"excerpt":{"rendered":"<p>Galeries des illustrations Groupe 1 \u00a0 : Le spectacle\u00a0 Falcioni Elodie PS VietnamMeslin CHristine PS\/MS France Lemarignier SandraTPS\/PS France Houlette Christophe PS Inde Pr\u00e9sentation \/ T\u00e9l\u00e9chargement \/ Version anim\u00e9e \/ Version vid\u00e9o Groupe 2 \u00a0 : la peinture Dumas Claudine PS\/MS Roumanie Pauchant Christelle &amp; C\u00e9cile Primot PS\/MS France Elakkari Chafika PS Maroc Etienne Philippe &hellip; <\/p>\n<p class=\"link-more\"><a href=\"https:\/\/materlivres.org\/?page_id=3626\" class=\"more-link\">Continuer la lecture<span class=\"screen-reader-text\"> de &laquo;&nbsp;Les histoires r\u00e9alis\u00e9es&nbsp;&raquo;<\/span><\/a><\/p>\n","protected":false},"author":2,"featured_media":0,"parent":0,"menu_order":0,"comment_status":"closed","ping_status":"closed","template":"","meta":{"footnotes":""},"_links":{"self":[{"href":"https:\/\/materlivres.org\/index.php?rest_route=\/wp\/v2\/pages\/3626"}],"collection":[{"href":"https:\/\/materlivres.org\/index.php?rest_route=\/wp\/v2\/pages"}],"about":[{"href":"https:\/\/materlivres.org\/index.php?rest_route=\/wp\/v2\/types\/page"}],"author":[{"embeddable":true,"href":"https:\/\/materlivres.org\/index.php?rest_route=\/wp\/v2\/users\/2"}],"replies":[{"embeddable":true,"href":"https:\/\/materlivres.org\/index.php?rest_route=%2Fwp%2Fv2%2Fcomments&post=3626"}],"version-history":[{"count":74,"href":"https:\/\/materlivres.org\/index.php?rest_route=\/wp\/v2\/pages\/3626\/revisions"}],"predecessor-version":[{"id":3779,"href":"https:\/\/materlivres.org\/index.php?rest_route=\/wp\/v2\/pages\/3626\/revisions\/3779"}],"wp:attachment":[{"href":"https:\/\/materlivres.org\/index.php?rest_route=%2Fwp%2Fv2%2Fmedia&parent=3626"}],"curies":[{"name":"wp","href":"https:\/\/api.w.org\/{rel}","templated":true}]}}