{"id":3535,"date":"2024-10-09T15:21:16","date_gmt":"2024-10-09T13:21:16","guid":{"rendered":"https:\/\/materlivres.org\/?page_id=3535"},"modified":"2025-04-11T11:52:37","modified_gmt":"2025-04-11T09:52:37","slug":"classes-inscrites-session-2025","status":"publish","type":"page","link":"https:\/\/materlivres.org\/?page_id=3535","title":{"rendered":"Classes inscrites session 2025"},"content":{"rendered":"\n<p>Nombre et niveau des classes : 40<strong> classes<\/strong><\/p>\n\n\n\n<p><strong>GS<\/strong> 16 &#8212; <strong>GS\/MS<\/strong> 04 &#8212; <strong>MS<\/strong> 05 &#8212; <strong>MS\/PS<\/strong> 03 &#8212;<strong> PS<\/strong> 03  &#8212; <strong>Autres<\/strong> 02<\/p>\n\n\n\n<p><a href=\"https:\/\/view.genially.com\/67150071604afe4658671a05\/interactive-content-carte-2025\">Localisation interactives de classes inscrites<\/a><\/p>\n\n\n\n<p><mark style=\"background-color:rgba(0, 0, 0, 0)\" class=\"has-inline-color has-vivid-red-color\"><strong>Pr\u00e9sentation des classes<\/strong><\/mark>  <strong> <a href=\"https:\/\/docs.google.com\/presentation\/d\/12Evf4Q-lPaReDKck-woH4-sjJgk0ZubGZ2QEDqRWdxs\/edit?usp=sharing\">Partie 1<\/a><\/strong>   <strong><a href=\"https:\/\/docs.google.com\/presentation\/d\/1kELJWda7GfOri-zJIKvteNnZ2sT7PpPDbCgjFnHrYPo\/edit?usp=sharing\">Partie 2<\/a><\/strong>   <strong><a href=\"https:\/\/docs.google.com\/presentation\/d\/13HlpiuXq3eNlF2twnNEjKnUA_oZR_Ay2pVbg1gF0YyY\/edit#slide=id.g327ea7c6cd4_0_0\">Partie 3<\/a><\/strong><\/p>\n\n\n\n<ol>\n<li>Falcioni Elodie <strong>PS<\/strong> Lyc\u00e9e Fran\u00e7ais Alexandre Yersin de Hano\u00ef <strong><mark style=\"background-color:rgba(0, 0, 0, 0)\" class=\"has-inline-color has-vivid-green-cyan-color\">VIETNAM<\/mark><\/strong><\/li>\n\n\n\n<li>Flor-Nguyen Anne-Marie <strong>MS<\/strong> Lyc\u00e9e Fran\u00e7ais Alexandre Yersin de Hano\u00ef <strong><mark style=\"background-color:rgba(0, 0, 0, 0)\" class=\"has-inline-color has-vivid-green-cyan-color\">VIETNAM<\/mark><\/strong><\/li>\n\n\n\n<li>Cousin David <strong>GS <\/strong>Lyc\u00e9e Fran\u00e7ais Alexandre Yersin de Hano\u00ef <strong><mark style=\"background-color:rgba(0, 0, 0, 0)\" class=\"has-inline-color has-vivid-green-cyan-color\">VIETNAM<\/mark><\/strong><\/li>\n\n\n\n<li>Mohamed Ahmed Shona <strong>GS<\/strong>  La Petite Ecole de Ho chi Minh <strong><mark style=\"background-color:rgba(0, 0, 0, 0)\" class=\"has-inline-color has-vivid-green-cyan-color\">VIETNAM<\/mark><\/strong><\/li>\n\n\n\n<li>Karine Jayet <strong>GS<\/strong> La Petite Ecole de Hano\u00ef <strong><mark style=\"background-color:rgba(0, 0, 0, 0)\" class=\"has-inline-color has-vivid-green-cyan-color\">VIETNAM<\/mark><\/strong><\/li>\n\n\n\n<li>Durieux Shalimar <strong>MS<\/strong> La Petite Ecole de Hano\u00ef <strong><mark style=\"background-color:rgba(0, 0, 0, 0)\" class=\"has-inline-color has-vivid-green-cyan-color\">VIETNAM<\/mark><\/strong><\/li>\n\n\n\n<li>Monsec Fabienne<strong> GS<\/strong> Lyc\u00e9e fran\u00e7ais de Madrid <mark style=\"background-color:rgba(0, 0, 0, 0)\" class=\"has-inline-color has-vivid-cyan-blue-color\"><strong>ESPAGNE<\/strong><\/mark><\/li>\n\n\n\n<li>Jean Lucile  <strong>MS<\/strong> \u00e9cole Le Petit Lotus Bleu de Shangai <mark style=\"background-color:rgba(0, 0, 0, 0)\" class=\"has-inline-color has-vivid-green-cyan-color\"><strong>CHINE<\/strong><\/mark><\/li>\n\n\n\n<li>Etienne Philippe<strong> PS <\/strong>Lyc\u00e9e international Cours Lumi\u00e8re de Lom\u00e9 <mark style=\"background-color:rgba(0, 0, 0, 0)\" class=\"has-inline-color has-luminous-vivid-amber-color\"><strong>TOGO<\/strong><\/mark><\/li>\n\n\n\n<li>Deniel Charl\u00e8ne <strong>MS\/GS<\/strong> \u00e9cole Pablo N\u00e9ruda d&#8217;Audrieu <strong><mark style=\"background-color:rgba(0, 0, 0, 0)\" class=\"has-inline-color has-vivid-cyan-blue-color\">FRANCE<\/mark><\/strong><\/li>\n\n\n\n<li>Sadot Emmanuelle  <strong>MS\/GS<\/strong> Ecole Sainte Marguerite d&#8217;Elle de St Lo  <strong><mark style=\"background-color:rgba(0, 0, 0, 0)\" class=\"has-inline-color has-vivid-cyan-blue-color\">FRANCE<\/mark><\/strong><\/li>\n\n\n\n<li>Lemarignier Sandra <strong>TPS\/PS<\/strong> Ecole Sainte Marguerite d&#8217;Elle de St Lo  <strong><mark style=\"background-color:rgba(0, 0, 0, 0)\" class=\"has-inline-color has-vivid-cyan-blue-color\">FRANCE<\/mark><\/strong><\/li>\n\n\n\n<li>Pauchant Christelle <strong>PS \/ MS<\/strong> Ecole aujourd&#8217;hui school de Paris <strong><mark style=\"background-color:rgba(0, 0, 0, 0)\" class=\"has-inline-color has-vivid-cyan-blue-color\">FRANCE<\/mark><\/strong><\/li>\n\n\n\n<li>Daudrix Marie-Pierre  <strong>MS\/GS<\/strong> Ecole de la Basane de Brussieu <strong><mark style=\"background-color:rgba(0, 0, 0, 0)\" class=\"has-inline-color has-vivid-cyan-blue-color\">FRANCE<\/mark><\/strong><\/li>\n\n\n\n<li>Moreau Nathalie <strong>MS<\/strong> Lyc\u00e9e Chateaubriand de Rome<strong><mark style=\"background-color:rgba(0, 0, 0, 0)\" class=\"has-inline-color has-vivid-cyan-blue-color\"> ITALIE<\/mark><\/strong><\/li>\n\n\n\n<li>Blanchard St\u00e9phanie <strong>GS<\/strong> Lffm de  Brasilia <strong><mark style=\"background-color:rgba(0, 0, 0, 0)\" class=\"has-inline-color has-vivid-red-color\">BRESIL<\/mark><\/strong><\/li>\n\n\n\n<li>Bofenda Falonne <strong>GS<\/strong> Coll\u00e8ge Dr C\u00e9cile Mboyo de Kinshasa<mark style=\"background-color:rgba(0, 0, 0, 0)\" class=\"has-inline-color has-luminous-vivid-amber-color\"> <strong>R\u00e9publique D\u00e9mocratique du Congo<\/strong><\/mark><\/li>\n\n\n\n<li>Matondo Rosie <strong>GS<\/strong> Coll\u00e8ge Dr C\u00e9cile Mboyo de Kinshasa<mark> <\/mark><mark style=\"background-color:rgba(0, 0, 0, 0)\" class=\"has-inline-color has-luminous-vivid-amber-color\"><strong>R\u00e9publique D\u00e9mocratique du Congo<\/strong><\/mark><\/li>\n\n\n\n<li>Binda Christine <strong>GS<\/strong> <strong>\/ CP<\/strong> Coll\u00e8ge Dr C\u00e9cile Mboyo de Kinshasa<mark> <\/mark><mark style=\"background-color:rgba(0, 0, 0, 0)\" class=\"has-inline-color has-luminous-vivid-amber-color\"><strong>R\u00e9publique D\u00e9mocratique du Congo<\/strong><\/mark><\/li>\n\n\n\n<li>Clemente Catherine <strong>GS<\/strong> Ecole Antoine de St Exup\u00e9ry d&#8217;Arequipa <mark style=\"background-color:rgba(0, 0, 0, 0)\" class=\"has-inline-color has-vivid-red-color\"><strong>PEROU<\/strong><\/mark><\/li>\n\n\n\n<li>Coudon Katy <strong>MS<\/strong> Ecole Paul C\u00e9zanne de Rabat <mark style=\"background-color:rgba(0, 0, 0, 0)\" class=\"has-inline-color has-luminous-vivid-amber-color\"><strong>MAROC<\/strong><\/mark><\/li>\n\n\n\n<li>Houlette Christophe <strong>PS<\/strong> LFI de Pondich\u00e9ry <strong><mark style=\"background-color:rgba(0, 0, 0, 0)\" class=\"has-inline-color has-vivid-green-cyan-color\">INDE<\/mark><\/strong><\/li>\n\n\n\n<li>Morello Val\u00e9riane International French School de Singapour  <strong><mark style=\"background-color:rgba(0, 0, 0, 0)\" class=\"has-inline-color has-vivid-green-cyan-color\">SINGAPOUR<\/mark><\/strong><\/li>\n\n\n\n<li>PELAGE Claire <strong>GS<\/strong>  Caulfield Junior College de Melbourne  <mark style=\"background-color:rgba(0, 0, 0, 0)\" class=\"has-inline-color has-vivid-purple-color\"><strong>AUSTRALIE<\/strong><\/mark><\/li>\n\n\n\n<li>Booms Chlo\u00e9 <strong>GS<\/strong>  \u00c9cole internationale fran\u00e7aise Cousteau de North Vancouver <mark style=\"background-color:rgba(0, 0, 0, 0)\" class=\"has-inline-color has-vivid-red-color\"><strong>CANADA<\/strong><\/mark><\/li>\n\n\n\n<li>Aoubaida  <strong>GS<\/strong> Fatima \u00c9cole Liad de Oran <mark style=\"background-color:rgba(0, 0, 0, 0)\" class=\"has-inline-color has-luminous-vivid-amber-color\"><strong>ALGERIE<\/strong><\/mark><\/li>\n\n\n\n<li>Hochet St\u00e9phanie <strong>GS<\/strong> International School of Orange County <mark style=\"background-color:rgba(0, 0, 0, 0)\" class=\"has-inline-color has-vivid-red-color\"><strong>USA<\/strong><\/mark><\/li>\n\n\n\n<li>Dumas Claudine   <strong>PS \/ MS<\/strong> \u00c9cole fran\u00e7aise internationale de Bucarest <strong><mark style=\"background-color:rgba(0, 0, 0, 0)\" class=\"has-inline-color has-vivid-cyan-blue-color\">ROUMANIE<\/mark><\/strong><\/li>\n\n\n\n<li>Piet C\u00e9cile <strong>GS<\/strong> \u00c9cole fran\u00e7aise internationale de Bucarest <strong><mark style=\"background-color:rgba(0, 0, 0, 0)\" class=\"has-inline-color has-vivid-cyan-blue-color\">ROUMANIE<\/mark><\/strong><\/li>\n\n\n\n<li>Sacarabany Tifen  <strong>GS<\/strong> Lyc\u00e9e franco-am\u00e9ricain de New York <mark style=\"background-color:rgba(0, 0, 0, 0)\" class=\"has-inline-color has-vivid-red-color\"><strong>USA<\/strong><\/mark><\/li>\n\n\n\n<li>Rault Jennifer <strong>MS\/GS<\/strong>  Lyc\u00e9e fran\u00e7ais international Agadir <mark style=\"background-color:rgba(0, 0, 0, 0)\" class=\"has-inline-color has-luminous-vivid-amber-color\"><strong>MAROC<\/strong><\/mark><\/li>\n\n\n\n<li>Rucheton Sandy  Lyc\u00e9e fran\u00e7ais de S\u00e9oul  <strong><mark style=\"background-color:rgba(0, 0, 0, 0)\" class=\"has-inline-color has-vivid-green-cyan-color\">COREE DU SUD<\/mark><\/strong><\/li>\n\n\n\n<li>Chorfi Majda <strong>GS<\/strong> \u00c9cole maternelle L\u00e9on l&#8217;africain de Casablanca <mark style=\"background-color:rgba(0, 0, 0, 0)\" class=\"has-inline-color has-luminous-vivid-amber-color\"><strong>MAROC<\/strong><\/mark><\/li>\n\n\n\n<li>Zniber Najat <strong>GS<\/strong>  \u00c9cole maternelle L\u00e9on l&#8217;africain de Casablanca <mark style=\"background-color:rgba(0, 0, 0, 0)\" class=\"has-inline-color has-luminous-vivid-amber-color\"><strong>MAROC<\/strong><\/mark><\/li>\n\n\n\n<li>Bekkali Sanaa  <strong>GS<\/strong> \u00c9cole maternelle L\u00e9on l&#8217;africain de Casablanca <mark style=\"background-color:rgba(0, 0, 0, 0)\" class=\"has-inline-color has-luminous-vivid-amber-color\"><strong>MAROC<\/strong><\/mark><\/li>\n\n\n\n<li>Bakkali Mounia <strong>MS<\/strong> \u00c9cole maternelle L\u00e9on l&#8217;africain de Casablanca <mark style=\"background-color:rgba(0, 0, 0, 0)\" class=\"has-inline-color has-luminous-vivid-amber-color\"><strong>MAROC<\/strong><\/mark><\/li>\n\n\n\n<li>El Ouali Mounia <strong>MS<\/strong> \u00c9cole maternelle L\u00e9on l&#8217;africain de Casablanca <mark style=\"background-color:rgba(0, 0, 0, 0)\" class=\"has-inline-color has-luminous-vivid-amber-color\"><strong>MAROC<\/strong><\/mark><\/li>\n\n\n\n<li>Elakkari ChafiKa <strong>PS<\/strong> \u00c9cole maternelle L\u00e9on l&#8217;africain de Casablanca <mark style=\"background-color:rgba(0, 0, 0, 0)\" class=\"has-inline-color has-luminous-vivid-amber-color\"><strong>MAROC<\/strong><\/mark><\/li>\n\n\n\n<li>Meslin Christine <strong>GS<\/strong> \u00c9cole maternelle Paul Gernez  de Caen <strong><mark style=\"background-color:rgba(0, 0, 0, 0)\" class=\"has-inline-color has-vivid-cyan-blue-color\">FRANCE<\/mark><\/strong><\/li>\n\n\n\n<li>Meslin Christine<strong> PS\/MS<\/strong> \u00c9cole maternelle Paul Gernez  de Caen <strong><mark style=\"background-color:rgba(0, 0, 0, 0)\" class=\"has-inline-color has-vivid-cyan-blue-color\">FRANCE<\/mark><\/strong><\/li>\n<\/ol>\n\n\n\n<p>\u00e0 venir<\/p>\n\n\n\n<p><\/p>\n\n\n\n<p><br><\/p>\n\n\n\n<p><\/p>\n","protected":false},"excerpt":{"rendered":"<p>Nombre et niveau des classes : 40 classes GS 16 &#8212; GS\/MS 04 &#8212; MS 05 &#8212; MS\/PS 03 &#8212; PS 03 &#8212; Autres 02 Localisation interactives de classes inscrites Pr\u00e9sentation des classes Partie 1 Partie 2 Partie 3 \u00e0 venir<\/p>\n","protected":false},"author":2,"featured_media":0,"parent":0,"menu_order":0,"comment_status":"closed","ping_status":"closed","template":"","meta":{"footnotes":""},"_links":{"self":[{"href":"https:\/\/materlivres.org\/index.php?rest_route=\/wp\/v2\/pages\/3535"}],"collection":[{"href":"https:\/\/materlivres.org\/index.php?rest_route=\/wp\/v2\/pages"}],"about":[{"href":"https:\/\/materlivres.org\/index.php?rest_route=\/wp\/v2\/types\/page"}],"author":[{"embeddable":true,"href":"https:\/\/materlivres.org\/index.php?rest_route=\/wp\/v2\/users\/2"}],"replies":[{"embeddable":true,"href":"https:\/\/materlivres.org\/index.php?rest_route=%2Fwp%2Fv2%2Fcomments&post=3535"}],"version-history":[{"count":44,"href":"https:\/\/materlivres.org\/index.php?rest_route=\/wp\/v2\/pages\/3535\/revisions"}],"predecessor-version":[{"id":3698,"href":"https:\/\/materlivres.org\/index.php?rest_route=\/wp\/v2\/pages\/3535\/revisions\/3698"}],"wp:attachment":[{"href":"https:\/\/materlivres.org\/index.php?rest_route=%2Fwp%2Fv2%2Fmedia&parent=3535"}],"curies":[{"name":"wp","href":"https:\/\/api.w.org\/{rel}","templated":true}]}}