{"id":3336,"date":"2024-03-10T17:36:46","date_gmt":"2024-03-10T16:36:46","guid":{"rendered":"https:\/\/materlivres.org\/?page_id=3336"},"modified":"2024-03-20T17:25:32","modified_gmt":"2024-03-20T16:25:32","slug":"partages-pedagogiques","status":"publish","type":"page","link":"https:\/\/materlivres.org\/?page_id=3336","title":{"rendered":"Partages p\u00e9dagogiques"},"content":{"rendered":"\n<p><strong><mark style=\"background-color:rgba(0, 0, 0, 0)\" class=\"has-inline-color has-vivid-cyan-blue-color\">Les comptines<\/mark><\/strong><\/p>\n\n\n\n<p><a href=\"https:\/\/materlivres.org\/wp-content\/uploads\/2024\/03\/Maman-yaka-eh-chante-par-les-eleves.mp3\">Chant  du Congo<\/a><\/p>\n\n\n\n<p><strong>Le feu<\/strong> ( Ragan )<\/p>\n\n\n\n<p><a href=\"https:\/\/materlivres.org\/wp-content\/uploads\/2024\/03\/image.png\">une chanson traditionnelle congolaise en lingala.<\/a> \u00e9voqu\u00e9e dans le groupe 8<br><br><a href=\"https:\/\/materlivres.org\/wp-content\/uploads\/2024\/03\/Maman-yaka-eh-chante-par-les-eleves.mp3\">Chant<\/a>  \/  <a href=\"https:\/\/materlivres.org\/wp-content\/uploads\/2024\/03\/Mama-yaka-eeh-piano-version-aiglons-doux.mp3\">piano aigu (aigle)<\/a> \/ <a href=\"https:\/\/materlivres.org\/wp-content\/uploads\/2024\/03\/Mama-yaka-eeh-piano-version-Ragan-le-loup-grave.mp3\">piano grave (loup)<\/a><\/p>\n\n\n\n<p><\/p>\n\n\n\n<p>Version chant\u00e9e par les enfants \u00e0 venir<\/p>\n\n\n\n<p><strong>L&#8217;eau<\/strong> ( Plapla )<\/p>\n\n\n\n<p><a href=\"https:\/\/docs.google.com\/document\/d\/1TyV3Pj3BpRrW33xUNJPRhQFfRl-jqbSOkK1D49hWtqc\/edit\">Lexique 1<\/a>  \/ <a href=\"https:\/\/materlivres.org\/wp-content\/uploads\/2024\/03\/MOT-IMAGES-Leau.docx\">version papier<\/a><\/p>\n\n\n\n<p><strong>La terre<\/strong> (Poule Rousse )<\/p>\n\n\n\n<p><strong>L&#8217;air<\/strong> ( C\u00e9d\u00e8re )<\/p>\n\n\n\n<p>La s\u00e9rie minuscule pr\u00e9sente deux \u00e9pisodes sur le th\u00e8me des bousiers. vous pouvez les retrouver sur Youtube :<\/p>\n\n\n\n<p><a href=\"https:\/\/www.youtube.com\/watch?v=41KG5UoaQOQ&amp;t=90s\">Vid\u00e9o 1<\/a><\/p>\n\n\n\n<p><a href=\"https:\/\/www.youtube.com\/watch?v=98RnJLi2xJo\">Vid\u00e9o 2<\/a><\/p>\n\n\n\n<p><\/p>\n\n\n\n<p><\/p>\n","protected":false},"excerpt":{"rendered":"<p>Les comptines Chant du Congo Le feu ( Ragan ) une chanson traditionnelle congolaise en lingala. \u00e9voqu\u00e9e dans le groupe 8 Chant \/ piano aigu (aigle) \/ piano grave (loup) Version chant\u00e9e par les enfants \u00e0 venir L&#8217;eau ( Plapla ) Lexique 1 \/ version papier La terre (Poule Rousse ) L&#8217;air ( C\u00e9d\u00e8re ) &hellip; <\/p>\n<p class=\"link-more\"><a href=\"https:\/\/materlivres.org\/?page_id=3336\" class=\"more-link\">Continuer la lecture<span class=\"screen-reader-text\"> de &laquo;&nbsp;Partages p\u00e9dagogiques&nbsp;&raquo;<\/span><\/a><\/p>\n","protected":false},"author":2,"featured_media":0,"parent":0,"menu_order":0,"comment_status":"closed","ping_status":"closed","template":"","meta":{"footnotes":""},"_links":{"self":[{"href":"https:\/\/materlivres.org\/index.php?rest_route=\/wp\/v2\/pages\/3336"}],"collection":[{"href":"https:\/\/materlivres.org\/index.php?rest_route=\/wp\/v2\/pages"}],"about":[{"href":"https:\/\/materlivres.org\/index.php?rest_route=\/wp\/v2\/types\/page"}],"author":[{"embeddable":true,"href":"https:\/\/materlivres.org\/index.php?rest_route=\/wp\/v2\/users\/2"}],"replies":[{"embeddable":true,"href":"https:\/\/materlivres.org\/index.php?rest_route=%2Fwp%2Fv2%2Fcomments&post=3336"}],"version-history":[{"count":11,"href":"https:\/\/materlivres.org\/index.php?rest_route=\/wp\/v2\/pages\/3336\/revisions"}],"predecessor-version":[{"id":3367,"href":"https:\/\/materlivres.org\/index.php?rest_route=\/wp\/v2\/pages\/3336\/revisions\/3367"}],"wp:attachment":[{"href":"https:\/\/materlivres.org\/index.php?rest_route=%2Fwp%2Fv2%2Fmedia&parent=3336"}],"curies":[{"name":"wp","href":"https:\/\/api.w.org\/{rel}","templated":true}]}}