{"id":3273,"date":"2024-02-16T16:03:19","date_gmt":"2024-02-16T15:03:19","guid":{"rendered":"https:\/\/materlivres.org\/?page_id=3273"},"modified":"2024-06-08T10:11:06","modified_gmt":"2024-06-08T08:11:06","slug":"groupes-provisoire","status":"publish","type":"page","link":"https:\/\/materlivres.org\/?page_id=3273","title":{"rendered":"Groupes 2024"},"content":{"rendered":"\n<p>Attention, les version anim\u00e9es semblent rencontrer quelques probl\u00e8mes&#8230;<\/p>\n\n\n\n<p><a href=\"https:\/\/docs.google.com\/presentation\/d\/1Uyr-xMbRkwenLcLyW6SJ1HMaMYoM3Kk8j1p22B6SFqg\/edit?usp=sharing\"><strong>Groupe 1<\/strong> =&gt; L&#8217;eau : Plapla et Tatouille<\/a><\/p>\n\n\n\n<p><mark style=\"background-color:rgba(0, 0, 0, 0)\" class=\"has-inline-color has-pale-pink-color\"><strong>Classe A<\/strong><\/mark> FALCIONI Elodie <strong>PS<\/strong> Lyc\u00e9e fran\u00e7ais Alexandre Yersin Hanoi <strong><strong><mark>Vietnam<\/mark><\/strong><\/strong><br><strong><mark style=\"background-color:rgba(0, 0, 0, 0)\" class=\"has-inline-color has-pale-cyan-blue-color\">Classe B <\/mark> <\/strong>COSTA Edna <strong>PS<\/strong> Planeta Educar Luanda <strong><mark><strong>Angola<\/strong><\/mark><\/strong><br><mark style=\"background-color:rgba(0, 0, 0, 0)\" class=\"has-inline-color has-vivid-green-cyan-color\"><strong>Classe C<\/strong><\/mark> HOULETTE Christophe <strong>PS<\/strong> LFI Pondich\u00e9ry <strong><strong><mark>Inde<\/mark><\/strong><\/strong><br><strong><mark style=\"background-color:rgba(0, 0, 0, 0)\" class=\"has-inline-color has-vivid-purple-color\">Classe D<\/mark> <\/strong>ROY Karine <strong>PS<\/strong> \u00c9cole Paul Gernez de Caen <strong><strong><mark>France<\/mark><\/strong><\/strong><br><mark style=\"background-color:rgba(0, 0, 0, 0)\" class=\"has-inline-color has-luminous-vivid-amber-color\"><strong>Classe E<\/strong><\/mark> ETIENNE Philippe<strong> PS \/ MS<\/strong> Lyc\u00e9e International Cours Lumi\u00e8re de Lom\u00e9 <mark><strong>Togo<\/strong><\/mark><\/p>\n\n\n\n<p><a href=\"https:\/\/docs.google.com\/presentation\/d\/1Uyr-xMbRkwenLcLyW6SJ1HMaMYoM3Kk8j1p22B6SFqg\/edit?usp=sharing\">Version pr\u00e9sentation<\/a> \/ <a href=\"https:\/\/materlivres.org\/wp-content\/uploads\/2024\/04\/GR-1-lecture-leau-1.pdf\">version t\u00e9l\u00e9chargeable <\/a>\/ <a href=\"https:\/\/www.calameo.com\/read\/00588908501885122817b\">version animation<\/a><\/p>\n\n\n\n<p><a href=\"https:\/\/docs.google.com\/presentation\/d\/1FOkoBkYYZ4UxQfzZr5dSnQmtQ_ak9hkVC5WKQXrT378\/edit?usp=sharing\"><strong>Groupe 2 <\/strong>=&gt; Le feu : Le loup Ragan<\/a><\/p>\n\n\n\n<p><mark style=\"background-color:#fcb900\" class=\"has-inline-color\">Classe A<\/mark> JEAN Lucile <strong>MS<\/strong> \u00c9cole Le Petit Lotus Bleu de Shangha\u00ef <strong><strong><mark>Chine<\/mark><\/strong><\/strong><br><mark style=\"background-color:#00d084\" class=\"has-inline-color\">Classe B<\/mark> MOHAMED AHMED Shona <strong>GS \/MS \/ PS<\/strong> Ecole Francophone de Luang Prabang <strong><strong><mark>Laos<\/mark><\/strong><\/strong><br><mark style=\"background-color:#0693e3\" class=\"has-inline-color\">Classe C<\/mark> DENIEL Charl\u00e8ne <strong>MS \/ PS <\/strong>Ecole Pablo N\u00e9ruda d\u2019Audrieu<strong> <mark>France<\/mark><\/strong><br><mark style=\"background-color:#ff6900\" class=\"has-inline-color\">Classe D <\/mark>MOREAU Nathalie <strong>MS<\/strong> lyc\u00e9e chateaubriand Rome<mark> <strong>Italie<\/strong><\/mark><\/p>\n\n\n\n<p><a href=\"https:\/\/docs.google.com\/presentation\/d\/1FOkoBkYYZ4UxQfzZr5dSnQmtQ_ak9hkVC5WKQXrT378\/edit#slide=id.g28f21023de8_0_11\">Version pr\u00e9sentation<\/a> \/ <a href=\"https:\/\/materlivres.org\/wp-content\/uploads\/2024\/04\/GR-2-lecture-le-feu.pdf\">Version t\u00e9l\u00e9chargeable<\/a> \/ <a href=\"https:\/\/www.calameo.com\/read\/0058890853b0e5f3e86fb\">version anim\u00e9e<\/a><br><a href=\"https:\/\/docs.google.com\/presentation\/d\/15M7HuK2a8Fz9piFxU3dnLlCAsoiwEg2EQHamE6Ig_fU\/edit?usp=sharing\">Version multilingue fran\u00e7ais &#8212; italien<\/a>  <strong>VA<\/strong>  <\/p>\n\n\n\n<p><a href=\"https:\/\/docs.google.com\/presentation\/d\/1LWkWt1enMX-iJSj1DbQ-ZMdWnde--Z6V7lO_ERsjKH4\/edit?usp=sharing\"><strong>Groupe 3<\/strong> =&gt; La terre : Poule Rousse<\/a><\/p>\n\n\n\n<p><mark style=\"background-color:#fcb900\" class=\"has-inline-color\">Classe A<\/mark> MESLIN Christine <strong>PS<\/strong> \u00c9cole Paul Gernez de Caen <strong><strong><mark>France<\/mark><\/strong><\/strong><br><mark style=\"background-color:#00d084\" class=\"has-inline-color\">Classe B<\/mark> MEDJAHED Yasmine <strong>MS \/ PS<\/strong> Petite \u00c9cole d\u2019Hydra Alger<mark> <strong>Alg\u00e9rie<\/strong><\/mark><br><mark style=\"background-color:#0693e3\" class=\"has-inline-color\">Classe C<\/mark> ROBERT Coraline <strong>PS<\/strong> Planeta Educar Luanda<mark> <strong>Angola<\/strong><\/mark><br><mark style=\"background-color:#ff6900\" class=\"has-inline-color\">Classe D <\/mark><mark style=\"background-color:rgba(0, 0, 0, 0)\" class=\"has-inline-color has-black-color\"> <\/mark>MORELLO Val\u00e9riane <strong>MS<\/strong> International French School of Singapore <strong><mark>Singapour<\/mark><\/strong><\/p>\n\n\n\n<p><a href=\"https:\/\/docs.google.com\/presentation\/d\/1LWkWt1enMX-iJSj1DbQ-ZMdWnde--Z6V7lO_ERsjKH4\/edit?usp=sharing\">Version pr\u00e9sentation<\/a> \/ <a href=\"https:\/\/materlivres.org\/wp-content\/uploads\/2024\/04\/GR-3-lecture-la-terre.pdf\">version t\u00e9l\u00e9chargeable<\/a> \/ <a href=\"https:\/\/www.calameo.com\/read\/005889085f968be936b70\">version anim\u00e9e<\/a><\/p>\n\n\n\n<p><a href=\"https:\/\/docs.google.com\/presentation\/d\/1e48yPqC4pQdos51UEp8jNCEd0VQn9uUOHcQ-dmNyidQ\/edit?usp=sharing\"><strong>Groupe 4<\/strong> =&gt; La terre : Poule Rousse<\/a><\/p>\n\n\n\n<p><mark style=\"background-color:#fcb900\" class=\"has-inline-color\">Classe A<\/mark> DURIEUX Shalimar <strong>MS<\/strong> La Petite Ecole de Hano\u00ef <strong><strong><mark>Vietnam<\/mark><\/strong><\/strong><br><mark style=\"background-color:#00d084\" class=\"has-inline-color\">Classe B<\/mark> LEROY-DALVI Anne-Marie <strong>MS<\/strong> \u00c9cole Paul Gernez de Caen <strong><strong><mark>France<\/mark><\/strong><\/strong><br><mark style=\"background-color:#0693e3\" class=\"has-inline-color\">Classe C<\/mark> COUDON Katy <strong>MS<\/strong> \u00c9cole Paul Cezanne de Rabat <mark><strong>Maroc<\/strong><\/mark><br><mark style=\"background-color:#fcb900\" class=\"has-inline-color has-black-color\"><mark style=\"background-color:#ff6900\" class=\"has-inline-color\">Classe D <\/mark><\/mark><mark style=\"background-color:rgba(0, 0, 0, 0)\" class=\"has-inline-color has-black-color\"> <\/mark>VERNIER Nathalie <strong>MS<\/strong> Planeta Educar Luanda <strong><mark><strong>Angola<\/strong><\/mark><\/strong><\/p>\n\n\n\n<p><a href=\"https:\/\/docs.google.com\/presentation\/d\/1e48yPqC4pQdos51UEp8jNCEd0VQn9uUOHcQ-dmNyidQ\/edit?usp=sharing\">Version pr\u00e9sentation<\/a> \/ <a href=\"https:\/\/materlivres.org\/wp-content\/uploads\/2024\/05\/GR-4-lecture-la-terre-1.pdf\">version t\u00e9l\u00e9chargeable<\/a> \/ <a href=\"https:\/\/www.calameo.com\/read\/0058890852b31fff8fa87\">version anim\u00e9e <\/a>\/ <br><a href=\"https:\/\/materlivres.org\/wp-content\/uploads\/2024\/05\/GROUPE-4-francais-arabe.pptx\">version multilingue<\/a> ( \u00e0 t\u00e9l\u00e9charger)<\/p>\n\n\n\n<p><a href=\"https:\/\/docs.google.com\/presentation\/d\/1_rM-mkCWKSv5qc8ElZMmUmyk4wYj9JMGSN9pRSpQfn4\/edit?usp=sharing\"><strong>Groupe 5<\/strong> =&gt; L&#8217;air : C\u00e9d\u00e8re<\/a><\/p>\n\n\n\n<p><mark style=\"background-color:#fcb900\" class=\"has-inline-color\">Classe A<\/mark> MATONDO Rosie <strong><strong>MS<\/strong><\/strong> Coll\u00e8ge Dr C\u00e9cile Mboyo de Kinshasa <mark><strong>R\u00e9publique D\u00e9mocratique du Congo<\/strong><\/mark><br><mark style=\"background-color:#00d084\" class=\"has-inline-color\">Classe B<\/mark> CURETTI H\u00e9l\u00e8ne <strong>MS<\/strong> French-American School of New York Larchmont <strong><mark>USA<\/mark><\/strong><br><mark style=\"background-color:#0693e3\" class=\"has-inline-color\">Classe C<\/mark> FLOR NGUYEN <strong>MS<\/strong> Anne-marie Lyc\u00e9e fran\u00e7ais Alexandre Yersin Hanoi <strong><mark>Vietnam<\/mark><\/strong><br><mark style=\"background-color:#ff6900\" class=\"has-inline-color\">Classe D <\/mark><mark style=\"background-color:rgba(0, 0, 0, 0)\" class=\"has-inline-color has-black-color\"> <\/mark>SADOT Emmanuelle <strong>MS \/ PS<\/strong> \u00e9cole Ste Marguerite d\u2019Elle Lison <strong><strong><mark>France<\/mark><\/strong><\/strong><\/p>\n\n\n\n<p><a href=\"https:\/\/docs.google.com\/presentation\/d\/1_rM-mkCWKSv5qc8ElZMmUmyk4wYj9JMGSN9pRSpQfn4\/edit#slide=id.p\">Version pr\u00e9sentation<\/a> \/<a href=\"https:\/\/materlivres.org\/wp-content\/uploads\/2024\/05\/GR-5-lecture-lair-2.pdf\"> version t\u00e9l\u00e9chargeable<\/a> \/ <a href=\"https:\/\/www.calameo.com\/read\/005889085dc962df805df\">version anim\u00e9e<\/a><br>Version multilingue  : <a href=\"https:\/\/docs.google.com\/presentation\/d\/15siSBZogDfWc9nM-Z52Fed-p38D2EWRUcshIEE_gSeA\/edit?usp=sharing\">fran\u00e7ais \/ lingala \/ anglais \/ vietnamien<\/a> &#8212; <a href=\"https:\/\/materlivres.org\/wp-content\/uploads\/2024\/04\/GR-5-multi-3-langues-lair-1.pdf\">version t\u00e9l\u00e9chargeable<\/a> &#8212; <a href=\"https:\/\/www.calameo.com\/read\/005889085f8c1c84fe6d7\">VA<\/a><\/p>\n\n\n\n<p> <a href=\"https:\/\/docs.google.com\/presentation\/d\/1myiFyZ2uhz_K6gKwoVM9Ub6G-U82vXZ6szFZjoeDCN0\/edit?usp=sharing\"><strong>Groupe 6<\/strong> : Le feu : Le loup Ragan<\/a><\/p>\n\n\n\n<p><mark style=\"background-color:#fcb900\" class=\"has-inline-color\">Classe A<\/mark> JAYET Karine <strong>GS<\/strong> La Petite Ecole de Hano\u00ef <strong><strong><mark>Vietnam<\/mark><\/strong><\/strong><br><mark style=\"background-color:#00d084\" class=\"has-inline-color\">Classe B<\/mark> VICTORIN Sabrina <strong>GS \/MS<\/strong> EFI de Tirana <mark><strong>Albanie<\/strong><\/mark><br><mark style=\"background-color:#0693e3\" class=\"has-inline-color\">Classe C<\/mark> MONSEC Fabienne <strong>GS<\/strong> Lyc\u00e9e fran\u00e7ais de Madrid <strong><mark>Espagne<\/mark><\/strong><br><mark style=\"background-color:#fcb900\" class=\"has-inline-color has-black-color\"><mark style=\"background-color:#ff6900\" class=\"has-inline-color\">Classe D <\/mark><\/mark><mark style=\"background-color:rgba(0, 0, 0, 0)\" class=\"has-inline-color has-black-color\"> <\/mark>REYBEROLLE C\u00e9lia <strong>MS \/ GS<\/strong> Planeta Educar Luanda <strong><mark><strong>Angola<\/strong><\/mark><\/strong><br><mark style=\"background-color:#cf2e2e\" class=\"has-inline-color\">Classe E<\/mark>  CLEMENTE Catherine <strong>GS<\/strong> \u00e9cole Antoine de Saint Exup\u00e9ry Arequipa <strong><mark><strong>P\u00e9rou<\/strong><\/mark><\/strong><\/p>\n\n\n\n<p><a href=\"https:\/\/docs.google.com\/presentation\/d\/1myiFyZ2uhz_K6gKwoVM9Ub6G-U82vXZ6szFZjoeDCN0\/edit?usp=sharing\">version pr\u00e9sentation<\/a> \/ <a href=\"https:\/\/materlivres.org\/wp-content\/uploads\/2024\/05\/GR-6-lecture-feu-1.pdf\">version t\u00e9l\u00e9chargeable<\/a> \/ <a href=\"https:\/\/www.calameo.com\/read\/005889085d6f90313e8bf\">version anim\u00e9e<\/a><\/p>\n\n\n\n<p><\/p>\n\n\n\n<p><a href=\"https:\/\/docs.google.com\/presentation\/d\/1I-QcaRuAgu7RKn2B3ruzQzUIvZEbk7UBJ21x6NHOhK0\/edit?usp=sharing\"><strong>Groupe 7<\/strong> =&gt; L&#8217;air : C\u00e9d\u00e8re<\/a><\/p>\n\n\n\n<p><mark style=\"background-color:#fcb900\" class=\"has-inline-color\">Classe A<\/mark> DU REAU Mathilde <strong>GS<\/strong> lyc\u00e9e fran\u00e7ais Charles Lepierre de Lisbonne <strong><strong><mark>Portugal<\/mark><\/strong><\/strong><br><mark style=\"background-color:#00d084\" class=\"has-inline-color\">Classe B<\/mark> PUNGI Francisca <strong>GS<\/strong> Planeta Educar Luanda <mark><strong>Angola<\/strong><\/mark><br><mark style=\"background-color:#0693e3\" class=\"has-inline-color\">Classe C<\/mark> MESLIN Christine <strong>PS<\/strong> \u00c9cole Paul Gernez de Caen <strong><strong><mark>France<\/mark><\/strong><\/strong><br><mark style=\"background-color:#fcb900\" class=\"has-inline-color has-black-color\"><mark style=\"background-color:#ff6900\" class=\"has-inline-color\">Classe D<\/mark><\/mark> ELHALLABI Sarra <strong>GS<\/strong>\/<strong>CP<\/strong> Lyc\u00e9e International Fran\u00e7ais Concordia Le Caire <mark><strong>Egypte<\/strong><\/mark><\/p>\n\n\n\n<p><a href=\"https:\/\/docs.google.com\/presentation\/d\/1I-QcaRuAgu7RKn2B3ruzQzUIvZEbk7UBJ21x6NHOhK0\/edit?usp=sharing\">Version pr\u00e9sentation<\/a> \/ <a href=\"https:\/\/materlivres.org\/wp-content\/uploads\/2024\/05\/GR-7-lecture-lair.pdf\">version t\u00e9l\u00e9chargeable<\/a> \/ <a href=\"https:\/\/www.calameo.com\/read\/0058890853a8ad3d5ca37\">version anim\u00e9e<\/a>.<br><\/p>\n\n\n\n<p><a href=\"https:\/\/docs.google.com\/presentation\/d\/1nzTtstlskaZCTJ7tTDUwfMfi8yJsgXq5NUg1rYyNFY4\/edit?usp=sharing\"><strong>Groupe 8<\/strong> =&gt; Le loup Ragan<\/a><\/p>\n\n\n\n<p><mark style=\"background-color:rgba(0, 0, 0, 0)\" class=\"has-inline-color has-pale-pink-color\"><strong>Classe A<\/strong><\/mark> JOUANNEAU Martin <strong>GS<\/strong> \u00c9cole Fran\u00e7aise de T\u00e9h\u00e9ran <strong><strong><mark>Iran<\/mark><\/strong><\/strong><br><strong><mark style=\"background-color:rgba(0, 0, 0, 0)\" class=\"has-inline-color has-pale-cyan-blue-color\">Classe B <\/mark> <\/strong> BOFENDA Falonne <strong>GS<\/strong> Coll\u00e8ge Dr C\u00e9cile Mboyo de Kinshasa <mark><strong>R\u00e9publique D\u00e9mocratique du Congo<\/strong><\/mark><br><mark style=\"background-color:rgba(0, 0, 0, 0)\" class=\"has-inline-color has-vivid-green-cyan-color\"><strong>Classe C<\/strong><\/mark> BRANDELY Auriane <strong>GS<\/strong> Caulfield Junior College Melbourne<mark> <strong>Australie<\/strong><\/mark><br><strong><mark style=\"background-color:rgba(0, 0, 0, 0)\" class=\"has-inline-color has-vivid-purple-color\">Classe D<\/mark><\/strong>DAUDRIX Marie-Pierre <strong>GS<\/strong> Ecole de la Basane Brussieu <strong><strong><mark>France<\/mark><\/strong><\/strong><br><mark style=\"background-color:rgba(0, 0, 0, 0)\" class=\"has-inline-color has-luminous-vivid-amber-color\"><strong>Classe E<\/strong><\/mark> ELINGUEL La\u00eatitia <strong>GS<\/strong> lyc\u00e9e chateaubriand Rome <mark><strong>Italie<\/strong><\/mark><\/p>\n\n\n\n<p><a href=\"https:\/\/docs.google.com\/presentation\/d\/1nzTtstlskaZCTJ7tTDUwfMfi8yJsgXq5NUg1rYyNFY4\/edit?usp=sharing\">Version pr\u00e9sentation<\/a> \/ <a href=\"https:\/\/materlivres.org\/wp-content\/uploads\/2024\/05\/GR-8-lecture-le-feu-1.pdf\">version t\u00e9l\u00e9chargeable<\/a> \/ <a href=\"https:\/\/www.calameo.com\/read\/005889085ebdefb9f00bf\">version anim\u00e9e<\/a><\/p>\n\n\n\n<p><a href=\"https:\/\/docs.google.com\/presentation\/d\/16ZOzgnXvfpkEwUR0VrL3iRGcSogzdMzQiXkzCn7e-Qo\/edit?usp=sharing\">Version multilingue<\/a><\/p>\n\n\n\n<p><a href=\"https:\/\/docs.google.com\/presentation\/d\/1VQZd9LfVxOcUG0vT83jQKcVWNftMc_mj9fZTmAGnO2Y\/edit?usp=sharing\"><strong>Groupe 9<\/strong> =&gt; La terre : Poule Rousse<\/a><\/p>\n\n\n\n<p><mark style=\"background-color:rgba(0, 0, 0, 0)\" class=\"has-inline-color has-pale-pink-color\"><strong>Classe A<\/strong><\/mark> BOOMS Chlo\u00e9 <strong>GS<\/strong> \u00c9cole internationale Cousteau de Vancouver <strong><mark>Canada<\/mark><\/strong><br><strong><mark style=\"background-color:rgba(0, 0, 0, 0)\" class=\"has-inline-color has-pale-cyan-blue-color\">Classe B <\/mark> <\/strong>RENAULT Jo\u00eblle <strong>GS<\/strong> \u00c9cole maternelle Fernande Bonchamps Pointe-\u00e0-Pitre <strong><mark><strong><mark>France<\/mark><\/strong><\/mark><\/strong><br><mark style=\"background-color:rgba(0, 0, 0, 0)\" class=\"has-inline-color has-vivid-green-cyan-color\"><strong>Classe C<\/strong><\/mark> DOUGE Emmanuelle <strong>GS<\/strong> CFBL de Londres <strong><strong><mark>Royaune-Uni<\/mark><\/strong><\/strong><br><strong><mark style=\"background-color:rgba(0, 0, 0, 0)\" class=\"has-inline-color has-vivid-purple-color\">Classe D<\/mark><\/strong> BLASQUEZ Laura <strong>GS<\/strong> \u00e9cole fran\u00e7aise de Bratislava <strong><strong><mark>Slovaquie<\/mark><\/strong><\/strong><br><mark style=\"background-color:rgba(0, 0, 0, 0)\" class=\"has-inline-color has-luminous-vivid-amber-color\"><strong>Classe E<\/strong><\/mark> BELLANGER Barbara <strong>GS <\/strong>Ecole Pablo N\u00e9ruda d\u2019Audrieu <strong><strong><mark>France<\/mark><\/strong><\/strong><\/p>\n\n\n\n<p><a href=\"https:\/\/docs.google.com\/presentation\/d\/1VQZd9LfVxOcUG0vT83jQKcVWNftMc_mj9fZTmAGnO2Y\/edit?usp=sharing\">Version pr\u00e9sentation <\/a> \/ <a href=\"https:\/\/materlivres.org\/wp-content\/uploads\/2024\/05\/GR-9-lecture-La-terre-3.pdf\"> Version t\u00e9l\u00e9chargeable<\/a>  \/  <a href=\"https:\/\/www.calameo.com\/read\/0058890851f184e8bd732\">version anim\u00e9e<\/a><\/p>\n\n\n\n<p><\/p>\n\n\n\n<p><a href=\"https:\/\/docs.google.com\/presentation\/d\/1G5s3jrIjveSg0Lx7h-2YjFTc0gVleVaePrbRLmiyqkU\/edit?usp=sharing\"><strong>Groupe 10<\/strong> =&gt; L&#8217;eau : Plapla et Tatouille<\/a><\/p>\n\n\n\n<p><mark style=\"background-color:rgba(0, 0, 0, 0)\" class=\"has-inline-color has-pale-pink-color\"><strong>Classe A<\/strong><\/mark> COUSIN David <strong>GS<\/strong> Lyc\u00e9e fran\u00e7ais Alexandre Yersin Hanoi <strong><strong><mark>Vietnam<\/mark><\/strong><\/strong><br><strong><mark style=\"background-color:rgba(0, 0, 0, 0)\" class=\"has-inline-color has-pale-cyan-blue-color\">Classe B <\/mark> <\/strong>RANNOU Pauline <strong>MS \/ GS<\/strong> Ecole Fran\u00e7aise Jean de la Fontaine Harare <strong><mark>Zimbabwe<\/mark><\/strong><br><mark style=\"background-color:rgba(0, 0, 0, 0)\" class=\"has-inline-color has-vivid-green-cyan-color\"><strong>Classe C<\/strong><\/mark> RAULT Jennifer <strong>GS<\/strong> LFI Agadir <mark><strong>Maroc<\/strong><\/mark><br><strong><mark style=\"background-color:rgba(0, 0, 0, 0)\" class=\"has-inline-color has-vivid-purple-color\">Classe D<\/mark><\/strong> FIGUIGUI Virginie <strong>MS \/ GS<\/strong> EFI de Tirana <mark><strong>Albanie<\/strong><\/mark><br><mark style=\"background-color:rgba(0, 0, 0, 0)\" class=\"has-inline-color has-luminous-vivid-amber-color\"><strong>Classe E<\/strong><\/mark>  Aliz\u00e9e <strong>MS \/ GS<\/strong> \u00c9cole Fran\u00e7aise de Battambang <strong><strong><mark>Cambodge<\/mark><\/strong><\/strong><\/p>\n\n\n\n<p><a href=\"https:\/\/docs.google.com\/presentation\/d\/1G5s3jrIjveSg0Lx7h-2YjFTc0gVleVaePrbRLmiyqkU\/edit?usp=sharing\">Version pr\u00e9sentation<\/a> \/ <a href=\"https:\/\/materlivres.org\/wp-content\/uploads\/2024\/04\/GR-10-lecture-Leau.pdf\">version t\u00e9l\u00e9chargeable<\/a> \/ version anim\u00e9e<\/p>\n\n\n\n<p><\/p>\n\n\n\n<p><br><br><\/p>\n\n\n\n<p><\/p>\n","protected":false},"excerpt":{"rendered":"<p>Attention, les version anim\u00e9es semblent rencontrer quelques probl\u00e8mes&#8230; Groupe 1 =&gt; L&#8217;eau : Plapla et Tatouille Classe A FALCIONI Elodie PS Lyc\u00e9e fran\u00e7ais Alexandre Yersin Hanoi VietnamClasse B COSTA Edna PS Planeta Educar Luanda AngolaClasse C HOULETTE Christophe PS LFI Pondich\u00e9ry IndeClasse D ROY Karine PS \u00c9cole Paul Gernez de Caen FranceClasse E ETIENNE Philippe &hellip; <\/p>\n<p class=\"link-more\"><a href=\"https:\/\/materlivres.org\/?page_id=3273\" class=\"more-link\">Continuer la lecture<span class=\"screen-reader-text\"> de &laquo;&nbsp;Groupes 2024&nbsp;&raquo;<\/span><\/a><\/p>\n","protected":false},"author":2,"featured_media":0,"parent":0,"menu_order":0,"comment_status":"closed","ping_status":"closed","template":"","meta":{"footnotes":""},"_links":{"self":[{"href":"https:\/\/materlivres.org\/index.php?rest_route=\/wp\/v2\/pages\/3273"}],"collection":[{"href":"https:\/\/materlivres.org\/index.php?rest_route=\/wp\/v2\/pages"}],"about":[{"href":"https:\/\/materlivres.org\/index.php?rest_route=\/wp\/v2\/types\/page"}],"author":[{"embeddable":true,"href":"https:\/\/materlivres.org\/index.php?rest_route=\/wp\/v2\/users\/2"}],"replies":[{"embeddable":true,"href":"https:\/\/materlivres.org\/index.php?rest_route=%2Fwp%2Fv2%2Fcomments&post=3273"}],"version-history":[{"count":79,"href":"https:\/\/materlivres.org\/index.php?rest_route=\/wp\/v2\/pages\/3273\/revisions"}],"predecessor-version":[{"id":3474,"href":"https:\/\/materlivres.org\/index.php?rest_route=\/wp\/v2\/pages\/3273\/revisions\/3474"}],"wp:attachment":[{"href":"https:\/\/materlivres.org\/index.php?rest_route=%2Fwp%2Fv2%2Fmedia&parent=3273"}],"curies":[{"name":"wp","href":"https:\/\/api.w.org\/{rel}","templated":true}]}}