{"id":3131,"date":"2023-09-25T20:34:40","date_gmt":"2023-09-25T18:34:40","guid":{"rendered":"https:\/\/materlivres.org\/?page_id=3131"},"modified":"2024-02-12T19:51:45","modified_gmt":"2024-02-12T18:51:45","slug":"jusquau-18-fevrier-2024","status":"publish","type":"page","link":"https:\/\/materlivres.org\/?page_id=3131","title":{"rendered":"Pour s&#8217;inscrire :"},"content":{"rendered":"\n<p>Jusqu\u2019au 11 f\u00e9vrier 2024.<\/p>\n\n\n\n<p><strong>Attention : La p\u00e9riode normale des inscription est close. On peut encore s&#8217;inscrire sur une liste compl\u00e9mentaire qui permettra de renforcer certains groupes \u00e0 faible effectif. <\/strong><\/p>\n\n\n\n<p><\/p>\n\n\n\n<p>Pour ces derni\u00e8res inscriptions, merci de d&#8217;ouvrir le choix des histoires au maximum, afin de permettre au mieux l&#8217;insertion dans un groupe d\u00e9j\u00e0 existant.<\/p>\n\n\n\n<p>Merci de votre compr\u00e9hension.<\/p>\n\n\n\n<p>Vous pouvez cliquer sur le lien ci-dessous :<\/p>\n\n\n\n<p><strong><a rel=\"noreferrer noopener\" href=\"https:\/\/framaforms.org\/inscriptions-20224-1695276331\" target=\"_blank\">INSCRIPTIONS<\/a><\/strong> : <\/p>\n\n\n\n<p>Un premier mail de confirmation vous sera envoy\u00e9 avec l&#8217;adresse que vous avez renseign\u00e9e, il contient le lien de validation de votre inscription. Cliquer dessus pour avoir un second message. F\u00e9licitations, votre inscription a bien \u00e9t\u00e9 prise en compte.<\/p>\n\n\n\n<figure class=\"wp-block-image\"><img decoding=\"async\" src=\"http:\/\/gafam.fr\/wp-content\/uploads\/2016\/12\/framaforms.png\" alt=\"R\u00e9sultat de recherche d'images pour \"\/><\/figure>\n\n\n\n<p><strong>Bon \u00e0 savoir<\/strong> : Vie priv\u00e9e garantie<\/p>\n\n\n\n<p>Framaforms est un service propos\u00e9 par Framasoft, association loi de 1901 d\u2019int\u00e9r\u00eat g\u00e9n\u00e9ral dont un des objectifs est de r\u00e9sister aux atteintes \u00e0 la vie priv\u00e9e, notamment lorsqu\u2019il s\u2019agit de collectes massives telles que pratiqu\u00e9es par GAFAM (Google, Apple, Facebook, Amazon, Microsoft). Nous prenons l\u2019engagement (lien CGU) de ne pas exploiter vos donn\u00e9es ou celles de vos utilisateurs.<\/p>\n","protected":false},"excerpt":{"rendered":"<p>Jusqu\u2019au 11 f\u00e9vrier 2024. Attention : La p\u00e9riode normale des inscription est close. On peut encore s&#8217;inscrire sur une liste compl\u00e9mentaire qui permettra de renforcer certains groupes \u00e0 faible effectif. Pour ces derni\u00e8res inscriptions, merci de d&#8217;ouvrir le choix des histoires au maximum, afin de permettre au mieux l&#8217;insertion dans un groupe d\u00e9j\u00e0 existant. Merci &hellip; <\/p>\n<p class=\"link-more\"><a href=\"https:\/\/materlivres.org\/?page_id=3131\" class=\"more-link\">Continuer la lecture<span class=\"screen-reader-text\"> de &laquo;&nbsp;Pour s&#8217;inscrire :&nbsp;&raquo;<\/span><\/a><\/p>\n","protected":false},"author":2,"featured_media":0,"parent":0,"menu_order":0,"comment_status":"closed","ping_status":"closed","template":"","meta":{"footnotes":""},"_links":{"self":[{"href":"https:\/\/materlivres.org\/index.php?rest_route=\/wp\/v2\/pages\/3131"}],"collection":[{"href":"https:\/\/materlivres.org\/index.php?rest_route=\/wp\/v2\/pages"}],"about":[{"href":"https:\/\/materlivres.org\/index.php?rest_route=\/wp\/v2\/types\/page"}],"author":[{"embeddable":true,"href":"https:\/\/materlivres.org\/index.php?rest_route=\/wp\/v2\/users\/2"}],"replies":[{"embeddable":true,"href":"https:\/\/materlivres.org\/index.php?rest_route=%2Fwp%2Fv2%2Fcomments&post=3131"}],"version-history":[{"count":6,"href":"https:\/\/materlivres.org\/index.php?rest_route=\/wp\/v2\/pages\/3131\/revisions"}],"predecessor-version":[{"id":3269,"href":"https:\/\/materlivres.org\/index.php?rest_route=\/wp\/v2\/pages\/3131\/revisions\/3269"}],"wp:attachment":[{"href":"https:\/\/materlivres.org\/index.php?rest_route=%2Fwp%2Fv2%2Fmedia&parent=3131"}],"curies":[{"name":"wp","href":"https:\/\/api.w.org\/{rel}","templated":true}]}}