{"id":2915,"date":"2022-12-08T08:46:14","date_gmt":"2022-12-08T07:46:14","guid":{"rendered":"https:\/\/materlivres.org\/?page_id=2915"},"modified":"2022-12-08T08:46:15","modified_gmt":"2022-12-08T07:46:15","slug":"nos-illustratrices-nos-illustrateurs-2","status":"publish","type":"page","link":"https:\/\/materlivres.org\/?page_id=2915","title":{"rendered":"Nos illustratrices\/Nos illustrateurs"},"content":{"rendered":"\n<h2 class=\"wp-block-heading\">CHRISTIAN VOLTZ<\/h2>\n\n\n\n<div class=\"wp-block-columns is-layout-flex wp-container-core-columns-layout-1 wp-block-columns-is-layout-flex\">\n<div class=\"wp-block-column is-layout-flow wp-block-column-is-layout-flow\" style=\"flex-basis:25%\">\n<p>SITE :<\/p>\n\n\n\n<p><a href=\"https:\/\/christianvoltz.com\/\">https:\/\/christianvoltz.com\/<\/a><\/p>\n\n\n\n<p><\/p>\n\n\n\n<figure class=\"wp-block-image size-large is-resized\"><img loading=\"lazy\" decoding=\"async\" src=\"https:\/\/upload.wikimedia.org\/wikipedia\/commons\/thumb\/3\/31\/ChristianVoltz03.jpg\/800px-ChristianVoltz03.jpg\" alt=\"\" width=\"192\" height=\"144\"\/><\/figure>\n<\/div>\n\n\n\n<div class=\"wp-block-column is-layout-flow wp-block-column-is-layout-flow\" style=\"flex-basis:50%\">\n<p><\/p>\n\n\n\n<p>Christian Voltz vit et travaille \u00e0 Strasbourg (France) o\u00f9 il a suivi des \u00e9tudes artistiques \u00e0 l\u2019Ecole Sup\u00e9rieure des Arts D\u00e9coratifs.<\/p>\n\n\n\n<p>Il est auteur et illustrateur d\u2019une cinquantaine d\u2019albums pour enfants. Ses illustrations faites de bric et de broc, de fil de fer et de bouts d\u2019boulons, sont tr\u00e8s identifiables et l\u2019ont rapidement fait conna\u00eetre des milieux sp\u00e9cialis\u00e9s comme du grand public.<\/p>\n\n\n\n<p>Il r\u00e9alise \u00e9galement de nombreuses affiches pour des \u00e9v\u00e8nements culturels et collabore avec plusieurs magazines sp\u00e9cialis\u00e9s en jeunesse.&nbsp;<\/p>\n\n\n\n<p>Enfin, au travers de sculptures et gravures, ses recherches artistiques autour du personnage nous offrent des galeries de portraits tr\u00e8s personnelles.&nbsp;\u00bb<\/p>\n<\/div>\n\n\n\n<div class=\"wp-block-column is-layout-flow wp-block-column-is-layout-flow\" style=\"flex-basis:25%\">\n<p><\/p>\n\n\n\n<p><\/p>\n\n\n\n<figure class=\"wp-block-image size-full\"><img loading=\"lazy\" decoding=\"async\" width=\"580\" height=\"568\" src=\"https:\/\/materlivres.org\/wp-content\/uploads\/2022\/12\/he\u00a6urisson1024_1.jpg\" alt=\"\" class=\"wp-image-2916\" srcset=\"https:\/\/materlivres.org\/wp-content\/uploads\/2022\/12\/he\u00a6urisson1024_1.jpg 580w, https:\/\/materlivres.org\/wp-content\/uploads\/2022\/12\/he\u00a6urisson1024_1-300x294.jpg 300w\" sizes=\"(max-width: 580px) 100vw, 580px\" \/><\/figure>\n<\/div>\n<\/div>\n\n\n\n<p><\/p>\n","protected":false},"excerpt":{"rendered":"<p>CHRISTIAN VOLTZ SITE : https:\/\/christianvoltz.com\/ Christian Voltz vit et travaille \u00e0 Strasbourg (France) o\u00f9 il a suivi des \u00e9tudes artistiques \u00e0 l\u2019Ecole Sup\u00e9rieure des Arts D\u00e9coratifs. Il est auteur et illustrateur d\u2019une cinquantaine d\u2019albums pour enfants. Ses illustrations faites de bric et de broc, de fil de fer et de bouts d\u2019boulons, sont tr\u00e8s identifiables &hellip; <\/p>\n<p class=\"link-more\"><a href=\"https:\/\/materlivres.org\/?page_id=2915\" class=\"more-link\">Continuer la lecture<span class=\"screen-reader-text\"> de &laquo;&nbsp;Nos illustratrices\/Nos illustrateurs&nbsp;&raquo;<\/span><\/a><\/p>\n","protected":false},"author":2,"featured_media":0,"parent":0,"menu_order":0,"comment_status":"closed","ping_status":"closed","template":"","meta":{"footnotes":""},"_links":{"self":[{"href":"https:\/\/materlivres.org\/index.php?rest_route=\/wp\/v2\/pages\/2915"}],"collection":[{"href":"https:\/\/materlivres.org\/index.php?rest_route=\/wp\/v2\/pages"}],"about":[{"href":"https:\/\/materlivres.org\/index.php?rest_route=\/wp\/v2\/types\/page"}],"author":[{"embeddable":true,"href":"https:\/\/materlivres.org\/index.php?rest_route=\/wp\/v2\/users\/2"}],"replies":[{"embeddable":true,"href":"https:\/\/materlivres.org\/index.php?rest_route=%2Fwp%2Fv2%2Fcomments&post=2915"}],"version-history":[{"count":1,"href":"https:\/\/materlivres.org\/index.php?rest_route=\/wp\/v2\/pages\/2915\/revisions"}],"predecessor-version":[{"id":2917,"href":"https:\/\/materlivres.org\/index.php?rest_route=\/wp\/v2\/pages\/2915\/revisions\/2917"}],"wp:attachment":[{"href":"https:\/\/materlivres.org\/index.php?rest_route=%2Fwp%2Fv2%2Fmedia&parent=2915"}],"curies":[{"name":"wp","href":"https:\/\/api.w.org\/{rel}","templated":true}]}}

<h2 class="wp-block-heading">CHRISTIAN VOLTZ</h2>



<div class="wp-block-columns is-layout-flex wp-container-core-columns-layout-1 wp-block-columns-is-layout-flex">
<div class="wp-block-column is-layout-flow wp-block-column-is-layout-flow" style="flex-basis:25%">
<p>SITE :</p>



<p><a href="https://christianvoltz.com/">https://christianvoltz.com/</a></p>



<p></p>



<figure class="wp-block-image size-large is-resized"><img loading="lazy" decoding="async" src="https://upload.wikimedia.org/wikipedia/commons/thumb/3/31/ChristianVoltz03.jpg/800px-ChristianVoltz03.jpg" alt="" width="192" height="144"/></figure>
</div>



<div class="wp-block-column is-layout-flow wp-block-column-is-layout-flow" style="flex-basis:50%">
<p></p>



<p>Christian Voltz vit et travaille à Strasbourg (France) où il a suivi des études artistiques à l’Ecole Supérieure des Arts Décoratifs.</p>



<p>Il est auteur et illustrateur d’une cinquantaine d’albums pour enfants. Ses illustrations faites de bric et de broc, de fil de fer et de bouts d’boulons, sont très identifiables et l’ont rapidement fait connaître des milieux spécialisés comme du grand public.</p>



<p>Il réalise également de nombreuses affiches pour des évènements culturels et collabore avec plusieurs magazines spécialisés en jeunesse.&nbsp;</p>



<p>Enfin, au travers de sculptures et gravures, ses recherches artistiques autour du personnage nous offrent des galeries de portraits très personnelles.&nbsp;»</p>
</div>



<div class="wp-block-column is-layout-flow wp-block-column-is-layout-flow" style="flex-basis:25%">
<p></p>



<p></p>



<figure class="wp-block-image size-full"><img loading="lazy" decoding="async" width="580" height="568" src="https://materlivres.org/wp-content/uploads/2022/12/he¦urisson1024_1.jpg" alt="" class="wp-image-2916" srcset="https://materlivres.org/wp-content/uploads/2022/12/he¦urisson1024_1.jpg 580w, https://materlivres.org/wp-content/uploads/2022/12/he¦urisson1024_1-300x294.jpg 300w" sizes="(max-width: 580px) 100vw, 580px" /></figure>
</div>
</div>



<p></p>

<p>CHRISTIAN VOLTZ SITE : https://christianvoltz.com/ Christian Voltz vit et travaille à Strasbourg (France) où il a suivi des études artistiques à l’Ecole Supérieure des Arts Décoratifs. Il est auteur et illustrateur d’une cinquantaine d’albums pour enfants. Ses illustrations faites de bric et de broc, de fil de fer et de bouts d’boulons, sont très identifiables &hellip; </p>
<p class="link-more"><a href="https://materlivres.org/?page_id=2915" class="more-link">Continuer la lecture<span class="screen-reader-text"> de &laquo;&nbsp;Nos illustratrices/Nos illustrateurs&nbsp;&raquo;</span></a></p>
