{"id":2839,"date":"2022-09-28T16:23:50","date_gmt":"2022-09-28T14:23:50","guid":{"rendered":"https:\/\/materlivres.org\/?page_id=2839"},"modified":"2023-01-02T09:56:32","modified_gmt":"2023-01-02T08:56:32","slug":"mtermonde-2023","status":"publish","type":"page","link":"https:\/\/materlivres.org\/?page_id=2839","title":{"rendered":"Les histoires de 2023"},"content":{"rendered":"\n<p>Les \u00e9motions : elles sont toutes n\u00e9gatives dans les accroches\u2026 Chaque histoire m\u00eale plusieurs autres th\u00e8mes (pollution, addiction au num\u00e9rique, nutrition, violence\u2026).  Deux histoires pr\u00e9sentent des animaux et deux autres des enfants.<\/p>\n\n\n\n<p><a href=\"https:\/\/materlivres.org\/wp-content\/uploads\/2022\/09\/presentation.pdf\" target=\"_blank\" rel=\"noreferrer noopener\">T\u00e9l\u00e9charger la fiche de pr\u00e9sentation<\/a><\/p>\n\n\n\n<h2 class=\"wp-block-heading\">La peur : le doudou de Mila<\/h2>\n\n\n<div class=\"wp-block-image\">\n<figure class=\"alignright size-full is-resized\"><img loading=\"lazy\" decoding=\"async\" src=\"https:\/\/materlivres.org\/wp-content\/uploads\/2017\/04\/grenier200.jpg\" alt=\"\" class=\"wp-image-106\" width=\"288\" height=\"207\"\/><\/figure><\/div>\n\n\n<p>Maman a rang\u00e9 le doudou de Mila dans le grenier. <\/p>\n\n\n\n<p>Mila a dit d\u2019accord&nbsp;! Mais maintenant qu\u2019il fait nuit Mila regrette\u2026 Maman et papa dorment&#8230;<\/p>\n\n\n\n<p>Elle d\u00e9cide d\u2019aller le chercher, m\u00eame si le grenier lui fait vraiment tr\u00e8s peur &nbsp;<\/p>\n\n\n\n<figure class=\"wp-block-embed is-type-wp-embed is-provider-materlivres wp-block-embed-materlivres\"><div class=\"wp-block-embed__wrapper\">\n<blockquote class=\"wp-embedded-content\" data-secret=\"1bdXAf02dW\"><a href=\"https:\/\/materlivres.org\/?attachment_id=2943\">Le doudou<\/a><\/blockquote><iframe class=\"wp-embedded-content\" sandbox=\"allow-scripts\" security=\"restricted\" style=\"position: absolute; clip: rect(1px, 1px, 1px, 1px);\" title=\"\u00ab\u00a0Le doudou\u00a0\u00bb &#8212; Materlivres\" src=\"https:\/\/materlivres.org\/?attachment_id=2943&#038;embed=true#?secret=wDmJnPDFFM#?secret=1bdXAf02dW\" data-secret=\"1bdXAf02dW\" width=\"525\" height=\"296\" frameborder=\"0\" marginwidth=\"0\" marginheight=\"0\" scrolling=\"no\"><\/iframe>\n<\/div><\/figure>\n\n\n\n<h2 class=\"wp-block-heading\">La tristesse : Lucia et Tom<\/h2>\n\n\n\n<figure class=\"wp-block-embed is-type-wp-embed is-provider-materlivres wp-block-embed-materlivres\"><div class=\"wp-block-embed__wrapper\">\n<blockquote class=\"wp-embedded-content\" data-secret=\"rnyLIOSW4v\"><a href=\"https:\/\/materlivres.org\/?attachment_id=2949\">Lucia (audio)<\/a><\/blockquote><iframe class=\"wp-embedded-content\" sandbox=\"allow-scripts\" security=\"restricted\" style=\"position: absolute; clip: rect(1px, 1px, 1px, 1px);\" title=\"\u00ab\u00a0Lucia (audio)\u00a0\u00bb &#8212; Materlivres\" src=\"https:\/\/materlivres.org\/?attachment_id=2949&#038;embed=true#?secret=1RpO3wQvKp#?secret=rnyLIOSW4v\" data-secret=\"rnyLIOSW4v\" width=\"525\" height=\"296\" frameborder=\"0\" marginwidth=\"0\" marginheight=\"0\" scrolling=\"no\"><\/iframe>\n<\/div><\/figure>\n\n\n\n<p>_ Viens jouer avec moi, Tom ! lui demande Lucia, sa petite s\u0153ur qui pleure car elle s\u2019ennuie.<br>Mais \u00e0 chaque fois, Tom dit \u00ab non ! \u00bb Il pr\u00e9f\u00e8re jouer avec sa tablette, et jamais avec sa petite s\u0153ur. Lucia est triste. Elle doit avoir une id\u00e9e\u2026<\/p>\n\n\n\n<h2 class=\"wp-block-heading\">La jalousie : Les ch\u00e2teaux de sable<\/h2>\n\n\n\n<div class=\"wp-block-columns is-layout-flex wp-container-core-columns-layout-1 wp-block-columns-is-layout-flex\">\n<div class=\"wp-block-column is-layout-flow wp-block-column-is-layout-flow\" style=\"flex-basis:66.66%\">\n<p>Deciro, le crabe vert est jaloux. Dare, la petite pieuvre, fait de magnifiques ch\u00e2teaux de sable pour d\u00e9corer l&#8217;entr\u00e9e de sa maison. Deciro, ne peux pas faire pareil avec ses pinces. Il attend la nuit pour aller les casser\u2026 Chaque jour Dare recommence. Elle doit trouver une solution !<\/p>\n\n\n\n<figure class=\"wp-block-embed is-type-wp-embed is-provider-materlivres wp-block-embed-materlivres\"><div class=\"wp-block-embed__wrapper\">\n<blockquote class=\"wp-embedded-content\" data-secret=\"IfObeRF6ss\"><a href=\"https:\/\/materlivres.org\/?attachment_id=2941\">Deciro<\/a><\/blockquote><iframe class=\"wp-embedded-content\" sandbox=\"allow-scripts\" security=\"restricted\" style=\"position: absolute; clip: rect(1px, 1px, 1px, 1px);\" title=\"\u00ab\u00a0Deciro\u00a0\u00bb &#8212; Materlivres\" src=\"https:\/\/materlivres.org\/?attachment_id=2941&#038;embed=true#?secret=ZY3sI1CoYR#?secret=IfObeRF6ss\" data-secret=\"IfObeRF6ss\" width=\"525\" height=\"296\" frameborder=\"0\" marginwidth=\"0\" marginheight=\"0\" scrolling=\"no\"><\/iframe>\n<\/div><\/figure>\n\n\n\n<p><a href=\"https:\/\/materlivres.org\/?page_id=2911\">illustration : Pierre Caillou<\/a><\/p>\n<\/div>\n\n\n\n<div class=\"wp-block-column is-layout-flow wp-block-column-is-layout-flow\" style=\"flex-basis:33.33%\">\n<figure class=\"wp-block-image size-full is-resized\"><img loading=\"lazy\" decoding=\"async\" src=\"https:\/\/materlivres.org\/wp-content\/uploads\/2022\/12\/CRABE-et-PIEUVRE-1.jpg\" alt=\"\" class=\"wp-image-2929\" width=\"304\" height=\"430\" srcset=\"https:\/\/materlivres.org\/wp-content\/uploads\/2022\/12\/CRABE-et-PIEUVRE-1.jpg 707w, https:\/\/materlivres.org\/wp-content\/uploads\/2022\/12\/CRABE-et-PIEUVRE-1-212x300.jpg 212w, https:\/\/materlivres.org\/wp-content\/uploads\/2022\/12\/CRABE-et-PIEUVRE-1-600x849.jpg 600w\" sizes=\"(max-width: 304px) 100vw, 304px\" \/><\/figure>\n<\/div>\n<\/div>\n\n\n\n<p><strong>La col\u00e8re : Palla le h\u00e9risson<\/strong><\/p>\n\n\n\n<div class=\"wp-block-columns is-layout-flex wp-container-core-columns-layout-2 wp-block-columns-is-layout-flex\">\n<div class=\"wp-block-column is-layout-flow wp-block-column-is-layout-flow\" style=\"flex-basis:33.33%\"><div class=\"wp-block-image\">\n<figure class=\"aligncenter size-full is-resized\"><img loading=\"lazy\" decoding=\"async\" src=\"https:\/\/materlivres.org\/wp-content\/uploads\/2022\/12\/he\u00a6urisson1024_1.jpg\" alt=\"\" class=\"wp-image-2916\" width=\"285\" height=\"278\" srcset=\"https:\/\/materlivres.org\/wp-content\/uploads\/2022\/12\/he\u00a6urisson1024_1.jpg 580w, https:\/\/materlivres.org\/wp-content\/uploads\/2022\/12\/he\u00a6urisson1024_1-300x294.jpg 300w\" sizes=\"(max-width: 285px) 100vw, 285px\" \/><\/figure><\/div><\/div>\n\n\n\n<div class=\"wp-block-column is-layout-flow wp-block-column-is-layout-flow\" style=\"flex-basis:66.66%\">\n<figure class=\"wp-block-embed is-type-wp-embed is-provider-materlivres wp-block-embed-materlivres\"><div class=\"wp-block-embed__wrapper\">\n<blockquote class=\"wp-embedded-content\" data-secret=\"YYlcBW8Ubv\"><a href=\"https:\/\/materlivres.org\/?attachment_id=2940\">PALLA<\/a><\/blockquote><iframe class=\"wp-embedded-content\" sandbox=\"allow-scripts\" security=\"restricted\" style=\"position: absolute; clip: rect(1px, 1px, 1px, 1px);\" title=\"\u00ab\u00a0PALLA\u00a0\u00bb &#8212; Materlivres\" src=\"https:\/\/materlivres.org\/?attachment_id=2940&#038;embed=true#?secret=NuhlN9LOOt#?secret=YYlcBW8Ubv\" data-secret=\"YYlcBW8Ubv\" width=\"525\" height=\"296\" frameborder=\"0\" marginwidth=\"0\" marginheight=\"0\" scrolling=\"no\"><\/iframe>\n<\/div><\/figure>\n\n\n\n<p>Palla, le h\u00e9risson est en col\u00e8re, car Turalo le lapin mange beaucoup de bonbons et il laisse trainer les papiers par terre. A chaque fois que le h\u00e9risson se prom\u00e8ne, les papiers s&#8217;enfoncent sur ses piquants et il n&#8217;arrive plus \u00e0 les enlever\u2026<\/p>\n<\/div>\n<\/div>\n\n\n\n<p><a href=\"https:\/\/materlivres.org\/?page_id=2915\">illustration : Christian Voltz<\/a><\/p>\n","protected":false},"excerpt":{"rendered":"<p>Les \u00e9motions : elles sont toutes n\u00e9gatives dans les accroches\u2026 Chaque histoire m\u00eale plusieurs autres th\u00e8mes (pollution, addiction au num\u00e9rique, nutrition, violence\u2026). Deux histoires pr\u00e9sentent des animaux et deux autres des enfants. T\u00e9l\u00e9charger la fiche de pr\u00e9sentation La peur : le doudou de Mila Maman a rang\u00e9 le doudou de Mila dans le grenier. Mila &hellip; <\/p>\n<p class=\"link-more\"><a href=\"https:\/\/materlivres.org\/?page_id=2839\" class=\"more-link\">Continuer la lecture<span class=\"screen-reader-text\"> de &laquo;&nbsp;Les histoires de 2023&nbsp;&raquo;<\/span><\/a><\/p>\n","protected":false},"author":2,"featured_media":0,"parent":0,"menu_order":0,"comment_status":"closed","ping_status":"closed","template":"","meta":{"footnotes":""},"_links":{"self":[{"href":"https:\/\/materlivres.org\/index.php?rest_route=\/wp\/v2\/pages\/2839"}],"collection":[{"href":"https:\/\/materlivres.org\/index.php?rest_route=\/wp\/v2\/pages"}],"about":[{"href":"https:\/\/materlivres.org\/index.php?rest_route=\/wp\/v2\/types\/page"}],"author":[{"embeddable":true,"href":"https:\/\/materlivres.org\/index.php?rest_route=\/wp\/v2\/users\/2"}],"replies":[{"embeddable":true,"href":"https:\/\/materlivres.org\/index.php?rest_route=%2Fwp%2Fv2%2Fcomments&post=2839"}],"version-history":[{"count":15,"href":"https:\/\/materlivres.org\/index.php?rest_route=\/wp\/v2\/pages\/2839\/revisions"}],"predecessor-version":[{"id":2950,"href":"https:\/\/materlivres.org\/index.php?rest_route=\/wp\/v2\/pages\/2839\/revisions\/2950"}],"wp:attachment":[{"href":"https:\/\/materlivres.org\/index.php?rest_route=%2Fwp%2Fv2%2Fmedia&parent=2839"}],"curies":[{"name":"wp","href":"https:\/\/api.w.org\/{rel}","templated":true}]}}

<p>Les émotions : elles sont toutes négatives dans les accroches… Chaque histoire mêle plusieurs autres thèmes (pollution, addiction au numérique, nutrition, violence…).  Deux histoires présentent des animaux et deux autres des enfants.</p>



<p><a href="https://materlivres.org/wp-content/uploads/2022/09/presentation.pdf" target="_blank" rel="noreferrer noopener">Télécharger la fiche de présentation</a></p>



<h2 class="wp-block-heading">La peur : le doudou de Mila</h2>


<div class="wp-block-image">
<figure class="alignright size-full is-resized"><img loading="lazy" decoding="async" src="https://materlivres.org/wp-content/uploads/2017/04/grenier200.jpg" alt="" class="wp-image-106" width="288" height="207"/></figure></div>


<p>Maman a rangé le doudou de Mila dans le grenier. </p>



<p>Mila a dit d’accord&nbsp;! Mais maintenant qu’il fait nuit Mila regrette… Maman et papa dorment&#8230;</p>



<p>Elle décide d’aller le chercher, même si le grenier lui fait vraiment très peur &nbsp;</p>



<figure class="wp-block-embed is-type-wp-embed is-provider-materlivres wp-block-embed-materlivres"><div class="wp-block-embed__wrapper">
<blockquote class="wp-embedded-content" data-secret="1bdXAf02dW"><a href="https://materlivres.org/?attachment_id=2943">Le doudou</a></blockquote><iframe class="wp-embedded-content" sandbox="allow-scripts" security="restricted" style="position: absolute; clip: rect(1px, 1px, 1px, 1px);" title="« Le doudou » &#8212; Materlivres" src="https://materlivres.org/?attachment_id=2943&#038;embed=true#?secret=wDmJnPDFFM#?secret=1bdXAf02dW" data-secret="1bdXAf02dW" width="525" height="296" frameborder="0" marginwidth="0" marginheight="0" scrolling="no"></iframe>
</div></figure>



<h2 class="wp-block-heading">La tristesse : Lucia et Tom</h2>



<figure class="wp-block-embed is-type-wp-embed is-provider-materlivres wp-block-embed-materlivres"><div class="wp-block-embed__wrapper">
<blockquote class="wp-embedded-content" data-secret="rnyLIOSW4v"><a href="https://materlivres.org/?attachment_id=2949">Lucia (audio)</a></blockquote><iframe class="wp-embedded-content" sandbox="allow-scripts" security="restricted" style="position: absolute; clip: rect(1px, 1px, 1px, 1px);" title="« Lucia (audio) » &#8212; Materlivres" src="https://materlivres.org/?attachment_id=2949&#038;embed=true#?secret=1RpO3wQvKp#?secret=rnyLIOSW4v" data-secret="rnyLIOSW4v" width="525" height="296" frameborder="0" marginwidth="0" marginheight="0" scrolling="no"></iframe>
</div></figure>



<p>_ Viens jouer avec moi, Tom ! lui demande Lucia, sa petite sœur qui pleure car elle s’ennuie.<br>Mais à chaque fois, Tom dit « non ! » Il préfère jouer avec sa tablette, et jamais avec sa petite sœur. Lucia est triste. Elle doit avoir une idée…</p>



<h2 class="wp-block-heading">La jalousie : Les châteaux de sable</h2>



<div class="wp-block-columns is-layout-flex wp-container-core-columns-layout-1 wp-block-columns-is-layout-flex">
<div class="wp-block-column is-layout-flow wp-block-column-is-layout-flow" style="flex-basis:66.66%">
<p>Deciro, le crabe vert est jaloux. Dare, la petite pieuvre, fait de magnifiques châteaux de sable pour décorer l&#8217;entrée de sa maison. Deciro, ne peux pas faire pareil avec ses pinces. Il attend la nuit pour aller les casser… Chaque jour Dare recommence. Elle doit trouver une solution !</p>



<figure class="wp-block-embed is-type-wp-embed is-provider-materlivres wp-block-embed-materlivres"><div class="wp-block-embed__wrapper">
<blockquote class="wp-embedded-content" data-secret="IfObeRF6ss"><a href="https://materlivres.org/?attachment_id=2941">Deciro</a></blockquote><iframe class="wp-embedded-content" sandbox="allow-scripts" security="restricted" style="position: absolute; clip: rect(1px, 1px, 1px, 1px);" title="« Deciro » &#8212; Materlivres" src="https://materlivres.org/?attachment_id=2941&#038;embed=true#?secret=ZY3sI1CoYR#?secret=IfObeRF6ss" data-secret="IfObeRF6ss" width="525" height="296" frameborder="0" marginwidth="0" marginheight="0" scrolling="no"></iframe>
</div></figure>



<p><a href="https://materlivres.org/?page_id=2911">illustration : Pierre Caillou</a></p>
</div>



<div class="wp-block-column is-layout-flow wp-block-column-is-layout-flow" style="flex-basis:33.33%">
<figure class="wp-block-image size-full is-resized"><img loading="lazy" decoding="async" src="https://materlivres.org/wp-content/uploads/2022/12/CRABE-et-PIEUVRE-1.jpg" alt="" class="wp-image-2929" width="304" height="430" srcset="https://materlivres.org/wp-content/uploads/2022/12/CRABE-et-PIEUVRE-1.jpg 707w, https://materlivres.org/wp-content/uploads/2022/12/CRABE-et-PIEUVRE-1-212x300.jpg 212w, https://materlivres.org/wp-content/uploads/2022/12/CRABE-et-PIEUVRE-1-600x849.jpg 600w" sizes="(max-width: 304px) 100vw, 304px" /></figure>
</div>
</div>



<p><strong>La colère : Palla le hérisson</strong></p>



<div class="wp-block-columns is-layout-flex wp-container-core-columns-layout-2 wp-block-columns-is-layout-flex">
<div class="wp-block-column is-layout-flow wp-block-column-is-layout-flow" style="flex-basis:33.33%"><div class="wp-block-image">
<figure class="aligncenter size-full is-resized"><img loading="lazy" decoding="async" src="https://materlivres.org/wp-content/uploads/2022/12/he¦urisson1024_1.jpg" alt="" class="wp-image-2916" width="285" height="278" srcset="https://materlivres.org/wp-content/uploads/2022/12/he¦urisson1024_1.jpg 580w, https://materlivres.org/wp-content/uploads/2022/12/he¦urisson1024_1-300x294.jpg 300w" sizes="(max-width: 285px) 100vw, 285px" /></figure></div></div>



<div class="wp-block-column is-layout-flow wp-block-column-is-layout-flow" style="flex-basis:66.66%">
<figure class="wp-block-embed is-type-wp-embed is-provider-materlivres wp-block-embed-materlivres"><div class="wp-block-embed__wrapper">
<blockquote class="wp-embedded-content" data-secret="YYlcBW8Ubv"><a href="https://materlivres.org/?attachment_id=2940">PALLA</a></blockquote><iframe class="wp-embedded-content" sandbox="allow-scripts" security="restricted" style="position: absolute; clip: rect(1px, 1px, 1px, 1px);" title="« PALLA » &#8212; Materlivres" src="https://materlivres.org/?attachment_id=2940&#038;embed=true#?secret=NuhlN9LOOt#?secret=YYlcBW8Ubv" data-secret="YYlcBW8Ubv" width="525" height="296" frameborder="0" marginwidth="0" marginheight="0" scrolling="no"></iframe>
</div></figure>



<p>Palla, le hérisson est en colère, car Turalo le lapin mange beaucoup de bonbons et il laisse trainer les papiers par terre. A chaque fois que le hérisson se promène, les papiers s&#8217;enfoncent sur ses piquants et il n&#8217;arrive plus à les enlever…</p>
</div>
</div>



<p><a href="https://materlivres.org/?page_id=2915">illustration : Christian Voltz</a></p>

<p>Les émotions : elles sont toutes négatives dans les accroches… Chaque histoire mêle plusieurs autres thèmes (pollution, addiction au numérique, nutrition, violence…). Deux histoires présentent des animaux et deux autres des enfants. Télécharger la fiche de présentation La peur : le doudou de Mila Maman a rangé le doudou de Mila dans le grenier. Mila &hellip; </p>
<p class="link-more"><a href="https://materlivres.org/?page_id=2839" class="more-link">Continuer la lecture<span class="screen-reader-text"> de &laquo;&nbsp;Les histoires de 2023&nbsp;&raquo;</span></a></p>
