{"id":1402,"date":"2018-08-28T10:54:13","date_gmt":"2018-08-28T08:54:13","guid":{"rendered":"http:\/\/materlivres.org\/?page_id=1402"},"modified":"2019-03-12T17:30:22","modified_gmt":"2019-03-12T16:30:22","slug":"lenvironnement","status":"publish","type":"page","link":"https:\/\/materlivres.org\/?page_id=1402","title":{"rendered":"Le th\u00e8me 2019"},"content":{"rendered":"<p><strong>&#8220;Matermonde&#8221;<\/strong> proposera aux classes de contribuer au d\u00e9veloppement de l&#8217;histoire, mais aussi de mutualiser les illustrations&#8230;<\/p>\n<p><em><span style=\"text-decoration: underline;\">Un th\u00e8me actuel <\/span>: l&#8217;environnement. <\/em><\/p>\n<p><em><span style=\"text-decoration: underline;\">Deux milieux<\/span> : La terre et la mer.<\/em><\/p>\n<p><em><span style=\"text-decoration: underline;\">Trois pr\u00e9occupations<\/span> : Les d\u00e9chets, les produits toxiques, la sauvegarde de l&#8217;environnement.<\/em><\/p>\n<figure id=\"attachment_1417\" aria-describedby=\"caption-attachment-1417\" style=\"width: 300px\" class=\"wp-caption alignright\"><img loading=\"lazy\" decoding=\"async\" class=\"wp-image-1417 size-medium\" src=\"https:\/\/materlivres.org\/wp-content\/uploads\/2018\/09\/Sans-titre-1-300x210.jpg\" alt=\"\" width=\"300\" height=\"210\" srcset=\"https:\/\/materlivres.org\/wp-content\/uploads\/2018\/09\/Sans-titre-1-300x210.jpg 300w, https:\/\/materlivres.org\/wp-content\/uploads\/2018\/09\/Sans-titre-1-768x537.jpg 768w, https:\/\/materlivres.org\/wp-content\/uploads\/2018\/09\/Sans-titre-1-1024x716.jpg 1024w, https:\/\/materlivres.org\/wp-content\/uploads\/2018\/09\/Sans-titre-1-600x420.jpg 600w, https:\/\/materlivres.org\/wp-content\/uploads\/2018\/09\/Sans-titre-1.jpg 2000w\" sizes=\"(max-width: 300px) 100vw, 300px\" \/><figcaption id=\"caption-attachment-1417\" class=\"wp-caption-text\">R\u00e9alisation Zazie B.<\/figcaption><\/figure>\n<p><strong>Delou le dauphin amoureux :<\/strong><\/p>\n<p>Delou le dauphin voudrait offrir un bouquet d&#8217;algues \u00e0 Zerb la &#8220;Dauphine&#8221; pour qu&#8217;elle soit son amoureuse. Mais il n&#8217;a trouv\u00e9 que des bouteilles en plastiques qui flottaient. Les algues ont disparu \u00e0 cause des d\u00e9chets\u2026\u00a0 il doit trouver une solution\u2026<\/p>\n<!--[if lt IE 9]><script>document.createElement('audio');<\/script><![endif]-->\n<audio class=\"wp-audio-shortcode\" id=\"audio-1402-1\" preload=\"none\" style=\"width: 100%;\" controls=\"controls\"><source type=\"audio\/mpeg\" src=\"https:\/\/materlivres.org\/wp-content\/uploads\/2018\/08\/delou2.mp3?_=1\" \/><a href=\"https:\/\/materlivres.org\/wp-content\/uploads\/2018\/08\/delou2.mp3\">https:\/\/materlivres.org\/wp-content\/uploads\/2018\/08\/delou2.mp3<\/a><\/audio>\n<p><strong>Dable, la petite fourmi<\/strong><strong><img loading=\"lazy\" decoding=\"async\" class=\"alignright wp-image-1459 \" src=\"https:\/\/materlivres.org\/wp-content\/uploads\/2017\/04\/Dable2-223x300.jpg\" alt=\"\" width=\"108\" height=\"145\" srcset=\"https:\/\/materlivres.org\/wp-content\/uploads\/2017\/04\/Dable2-223x300.jpg 223w, https:\/\/materlivres.org\/wp-content\/uploads\/2017\/04\/Dable2.jpg 252w\" sizes=\"(max-width: 108px) 100vw, 108px\" \/><\/strong><\/p>\n<p>La reine a demand\u00e9 aux ouvri\u00e8res de nettoyer la fourmili\u00e8re tous les jours. Mais les produits sont trop forts ! Dable, la petite fourmi est toujours malade. Elle d\u00e9cide d&#8217;aller voir comment font les autres animaux pour laver leur maison sans \u00eatre malades\u2026<\/p>\n<audio class=\"wp-audio-shortcode\" id=\"audio-1402-2\" preload=\"none\" style=\"width: 100%;\" controls=\"controls\"><source type=\"audio\/mpeg\" src=\"https:\/\/materlivres.org\/wp-content\/uploads\/2018\/08\/dable0.mp3?_=2\" \/><a href=\"https:\/\/materlivres.org\/wp-content\/uploads\/2018\/08\/dable0.mp3\">https:\/\/materlivres.org\/wp-content\/uploads\/2018\/08\/dable0.mp3<\/a><\/audio>\n<p><strong>Turalo, le lapin intr\u00e9pide<\/strong><\/p>\n<figure id=\"attachment_1420\" aria-describedby=\"caption-attachment-1420\" style=\"width: 300px\" class=\"wp-caption alignright\"><img loading=\"lazy\" decoding=\"async\" class=\"wp-image-1420 size-medium\" src=\"https:\/\/materlivres.org\/wp-content\/uploads\/2018\/10\/Turalo-300x212.jpg\" alt=\"\" width=\"300\" height=\"212\" srcset=\"https:\/\/materlivres.org\/wp-content\/uploads\/2018\/10\/Turalo-300x212.jpg 300w, https:\/\/materlivres.org\/wp-content\/uploads\/2018\/10\/Turalo-768x543.jpg 768w, https:\/\/materlivres.org\/wp-content\/uploads\/2018\/10\/Turalo-1024x724.jpg 1024w, https:\/\/materlivres.org\/wp-content\/uploads\/2018\/10\/Turalo-600x424.jpg 600w, https:\/\/materlivres.org\/wp-content\/uploads\/2018\/10\/Turalo.jpg 1754w\" sizes=\"(max-width: 300px) 100vw, 300px\" \/><figcaption id=\"caption-attachment-1420\" class=\"wp-caption-text\">illustration : Auriane Laenger<\/figcaption><\/figure>\n<p>Turalo le lapin adore faire du v\u00e9lo, mais \u00e0 chaque fois il \u00e9crase les fleurs de sa<\/p>\n<p>voisine\u2026<\/p>\n<audio class=\"wp-audio-shortcode\" id=\"audio-1402-3\" preload=\"none\" style=\"width: 100%;\" controls=\"controls\"><source type=\"audio\/mpeg\" src=\"https:\/\/materlivres.org\/wp-content\/uploads\/2018\/08\/turalo0.mp3?_=3\" \/><a href=\"https:\/\/materlivres.org\/wp-content\/uploads\/2018\/08\/turalo0.mp3\">https:\/\/materlivres.org\/wp-content\/uploads\/2018\/08\/turalo0.mp3<\/a><\/audio>\n","protected":false},"excerpt":{"rendered":"<p>&#8220;Matermonde&#8221; proposera aux classes de contribuer au d\u00e9veloppement de l&#8217;histoire, mais aussi de mutualiser les illustrations&#8230; Un th\u00e8me actuel : l&#8217;environnement. Deux milieux : La terre et la mer. Trois pr\u00e9occupations : Les d\u00e9chets, les produits toxiques, la sauvegarde de l&#8217;environnement. Delou le dauphin amoureux : Delou le dauphin voudrait offrir un bouquet d&#8217;algues \u00e0 &hellip; <\/p>\n<p class=\"link-more\"><a href=\"https:\/\/materlivres.org\/?page_id=1402\" class=\"more-link\">Continuer la lecture<span class=\"screen-reader-text\"> de &laquo;&nbsp;Le th\u00e8me 2019&nbsp;&raquo;<\/span><\/a><\/p>\n","protected":false},"author":2,"featured_media":0,"parent":0,"menu_order":0,"comment_status":"closed","ping_status":"closed","template":"","meta":{"footnotes":""},"_links":{"self":[{"href":"https:\/\/materlivres.org\/index.php?rest_route=\/wp\/v2\/pages\/1402"}],"collection":[{"href":"https:\/\/materlivres.org\/index.php?rest_route=\/wp\/v2\/pages"}],"about":[{"href":"https:\/\/materlivres.org\/index.php?rest_route=\/wp\/v2\/types\/page"}],"author":[{"embeddable":true,"href":"https:\/\/materlivres.org\/index.php?rest_route=\/wp\/v2\/users\/2"}],"replies":[{"embeddable":true,"href":"https:\/\/materlivres.org\/index.php?rest_route=%2Fwp%2Fv2%2Fcomments&post=1402"}],"version-history":[{"count":13,"href":"https:\/\/materlivres.org\/index.php?rest_route=\/wp\/v2\/pages\/1402\/revisions"}],"predecessor-version":[{"id":1692,"href":"https:\/\/materlivres.org\/index.php?rest_route=\/wp\/v2\/pages\/1402\/revisions\/1692"}],"wp:attachment":[{"href":"https:\/\/materlivres.org\/index.php?rest_route=%2Fwp%2Fv2%2Fmedia&parent=1402"}],"curies":[{"name":"wp","href":"https:\/\/api.w.org\/{rel}","templated":true}]}}