{"id":1392,"date":"2018-08-28T10:17:15","date_gmt":"2018-08-28T08:17:15","guid":{"rendered":"http:\/\/materlivres.org\/?page_id=1392"},"modified":"2019-01-23T17:55:53","modified_gmt":"2019-01-23T16:55:53","slug":"matermonde-2","status":"publish","type":"page","link":"https:\/\/materlivres.org\/?page_id=1392","title":{"rendered":"Un projet environnemental"},"content":{"rendered":"<p><strong>Le projet<\/strong><\/p>\n<p>Le but est de permettre pendant 6 semaines, une collaboration de classes de chaque continent avec une\u00a0 classe de m\u00e9tropole sur un th\u00e8me fort&#8230;<\/p>\n<p><strong>Un th\u00e8me actuel : l&#8217;environnement.<\/strong><\/p>\n<p><strong>Deux milieux : La terre et la mer.<\/strong><\/p>\n<p><strong>Deux pr\u00e9occupations : Les d\u00e9chets et les produits toxiques.<\/strong><\/p>\n<p>Les groupes seraient ainsi constitu\u00e9s :<a href=\"https:\/\/materlivres.org\/wp-content\/uploads\/2018\/08\/monde.jpg\"><img loading=\"lazy\" decoding=\"async\" class=\"alignright wp-image-1383 size-medium\" src=\"https:\/\/materlivres.org\/wp-content\/uploads\/2018\/08\/monde-300x148.jpg\" alt=\"\" width=\"300\" height=\"148\" srcset=\"https:\/\/materlivres.org\/wp-content\/uploads\/2018\/08\/monde-300x148.jpg 300w, https:\/\/materlivres.org\/wp-content\/uploads\/2018\/08\/monde-600x296.jpg 600w, https:\/\/materlivres.org\/wp-content\/uploads\/2018\/08\/monde.jpg 677w\" sizes=\"(max-width: 300px) 100vw, 300px\" \/><\/a><\/p>\n<ul>\n<li>Une classe de France<\/li>\n<li>Une classe d&#8217;Europe<\/li>\n<li>Une classe d&#8217;Afrique<\/li>\n<li>Une classe d&#8217;Oc\u00e9anie<\/li>\n<li>Une classe d&#8217;Asie<\/li>\n<li>Une Classe d&#8217;Am\u00e9rique<\/li>\n<\/ul>\n<p><em><strong>&#8220;Matermonde&#8221;<\/strong> proposera aux classes de contribuer au d\u00e9veloppement de l&#8217;histoire, sur le principe du &#8220;roman baladeur&#8221; mais aussi de mutualiser les illustrations&#8230; Chaque partie de l&#8217;histoire sera donc le r\u00e9sultat d&#8217;une collaboration de 6 classes (ou \u00e0 d\u00e9faut de 3 classes).<br \/>\n<\/em><\/p>\n<p>Le th\u00e8me :<a href=\"https:\/\/materlivres.org\/?page_id=1402\"> l&#8217;environnement<\/a><\/p>\n<p>Le calendrier : <a href=\"https:\/\/materlivres.org\/?page_id=1380\">7 semaine<\/a><\/p>\n<p>&nbsp;<\/p>\n<p>&nbsp;<\/p>\n<p>&nbsp;<\/p>\n<p>&nbsp;<\/p>\n<p>&nbsp;<\/p>\n<p>&nbsp;<\/p>\n<p>&nbsp;<\/p>\n<p>&nbsp;<\/p>\n<p>&nbsp;<\/p>\n<p>&nbsp;<\/p>\n<p>&nbsp;<\/p>\n","protected":false},"excerpt":{"rendered":"<p>Le projet Le but est de permettre pendant 6 semaines, une collaboration de classes de chaque continent avec une\u00a0 classe de m\u00e9tropole sur un th\u00e8me fort&#8230; Un th\u00e8me actuel : l&#8217;environnement. Deux milieux : La terre et la mer. Deux pr\u00e9occupations : Les d\u00e9chets et les produits toxiques. Les groupes seraient ainsi constitu\u00e9s : Une &hellip; <\/p>\n<p class=\"link-more\"><a href=\"https:\/\/materlivres.org\/?page_id=1392\" class=\"more-link\">Continuer la lecture<span class=\"screen-reader-text\"> de &laquo;&nbsp;Un projet environnemental&nbsp;&raquo;<\/span><\/a><\/p>\n","protected":false},"author":2,"featured_media":0,"parent":0,"menu_order":0,"comment_status":"closed","ping_status":"closed","template":"","meta":{"footnotes":""},"_links":{"self":[{"href":"https:\/\/materlivres.org\/index.php?rest_route=\/wp\/v2\/pages\/1392"}],"collection":[{"href":"https:\/\/materlivres.org\/index.php?rest_route=\/wp\/v2\/pages"}],"about":[{"href":"https:\/\/materlivres.org\/index.php?rest_route=\/wp\/v2\/types\/page"}],"author":[{"embeddable":true,"href":"https:\/\/materlivres.org\/index.php?rest_route=\/wp\/v2\/users\/2"}],"replies":[{"embeddable":true,"href":"https:\/\/materlivres.org\/index.php?rest_route=%2Fwp%2Fv2%2Fcomments&post=1392"}],"version-history":[{"count":7,"href":"https:\/\/materlivres.org\/index.php?rest_route=\/wp\/v2\/pages\/1392\/revisions"}],"predecessor-version":[{"id":1522,"href":"https:\/\/materlivres.org\/index.php?rest_route=\/wp\/v2\/pages\/1392\/revisions\/1522"}],"wp:attachment":[{"href":"https:\/\/materlivres.org\/index.php?rest_route=%2Fwp%2Fv2%2Fmedia&parent=1392"}],"curies":[{"name":"wp","href":"https:\/\/api.w.org\/{rel}","templated":true}]}}

<p><strong>Le projet</strong></p>
<p>Le but est de permettre pendant 6 semaines, une collaboration de classes de chaque continent avec une  classe de métropole sur un thème fort&#8230;</p>
<p><strong>Un thème actuel : l&#8217;environnement.</strong></p>
<p><strong>Deux milieux : La terre et la mer.</strong></p>
<p><strong>Deux préoccupations : Les déchets et les produits toxiques.</strong></p>
<p>Les groupes seraient ainsi constitués :<a href="https://materlivres.org/wp-content/uploads/2018/08/monde.jpg"><img loading="lazy" decoding="async" class="alignright wp-image-1383 size-medium" src="https://materlivres.org/wp-content/uploads/2018/08/monde-300x148.jpg" alt="" width="300" height="148" srcset="https://materlivres.org/wp-content/uploads/2018/08/monde-300x148.jpg 300w, https://materlivres.org/wp-content/uploads/2018/08/monde-600x296.jpg 600w, https://materlivres.org/wp-content/uploads/2018/08/monde.jpg 677w" sizes="(max-width: 300px) 100vw, 300px" /></a></p>
<ul>
<li>Une classe de France</li>
<li>Une classe d&#8217;Europe</li>
<li>Une classe d&#8217;Afrique</li>
<li>Une classe d&#8217;Océanie</li>
<li>Une classe d&#8217;Asie</li>
<li>Une Classe d&#8217;Amérique</li>
</ul>
<p><em><strong>&#8220;Matermonde&#8221;</strong> proposera aux classes de contribuer au développement de l&#8217;histoire, sur le principe du &#8220;roman baladeur&#8221; mais aussi de mutualiser les illustrations&#8230; Chaque partie de l&#8217;histoire sera donc le résultat d&#8217;une collaboration de 6 classes (ou à défaut de 3 classes).<br />
</em></p>
<p>Le thème :<a href="https://materlivres.org/?page_id=1402"> l&#8217;environnement</a></p>
<p>Le calendrier : <a href="https://materlivres.org/?page_id=1380">7 semaine</a></p>
<p>&nbsp;</p>
<p>&nbsp;</p>
<p>&nbsp;</p>
<p>&nbsp;</p>
<p>&nbsp;</p>
<p>&nbsp;</p>
<p>&nbsp;</p>
<p>&nbsp;</p>
<p>&nbsp;</p>
<p>&nbsp;</p>
<p>&nbsp;</p>

<p>Le projet Le but est de permettre pendant 6 semaines, une collaboration de classes de chaque continent avec une  classe de métropole sur un thème fort&#8230; Un thème actuel : l&#8217;environnement. Deux milieux : La terre et la mer. Deux préoccupations : Les déchets et les produits toxiques. Les groupes seraient ainsi constitués : Une &hellip; </p>
<p class="link-more"><a href="https://materlivres.org/?page_id=1392" class="more-link">Continuer la lecture<span class="screen-reader-text"> de &laquo;&nbsp;Un projet environnemental&nbsp;&raquo;</span></a></p>
